Last updated on 2025-01-25 19:49:00 CET.
Flavor | Version | Tinstall | Tcheck | Ttotal | Status | Flags |
---|---|---|---|---|---|---|
r-devel-linux-x86_64-debian-clang | 1.0.3 | 6.01 | 71.22 | 77.23 | NOTE | |
r-devel-linux-x86_64-debian-gcc | 1.0.3 | 4.01 | 54.13 | 58.14 | NOTE | |
r-devel-linux-x86_64-fedora-clang | 1.0.3 | 121.74 | OK | |||
r-devel-linux-x86_64-fedora-gcc | 1.0.3 | 133.33 | NOTE | |||
r-devel-windows-x86_64 | 1.0.3 | 7.00 | 98.00 | 105.00 | OK | |
r-patched-linux-x86_64 | 1.0.3 | 5.55 | 66.80 | 72.35 | OK | |
r-release-linux-x86_64 | 1.0.3 | 5.72 | 66.52 | 72.24 | OK | |
r-release-macos-arm64 | 1.0.3 | 44.00 | OK | |||
r-release-macos-x86_64 | 1.0.3 | 76.00 | OK | |||
r-release-windows-x86_64 | 1.0.3 | 6.00 | 90.00 | 96.00 | OK | |
r-oldrel-macos-arm64 | 1.0.3 | 46.00 | OK | |||
r-oldrel-macos-x86_64 | 1.0.3 | 79.00 | OK | |||
r-oldrel-windows-x86_64 | 1.0.3 | 8.00 | 100.00 | 108.00 | OK |
Version: 1.0.3
Check: DESCRIPTION meta-information
Result: NOTE
Missing dependency on R >= 4.1.0 because package code uses the pipe
|> or function shorthand \(...) syntax added in R 4.1.0.
File(s) using such syntax:
‘geom_glyph_ribbon.R’
Flavors: r-devel-linux-x86_64-debian-clang, r-devel-linux-x86_64-debian-gcc, r-devel-linux-x86_64-fedora-gcc