Last updated on 2025-01-23 19:49:38 CET.
Flavor | Version | Tinstall | Tcheck | Ttotal | Status | Flags |
---|---|---|---|---|---|---|
r-devel-linux-x86_64-debian-clang | 1.0.6 | 18.07 | 313.98 | 332.05 | OK | |
r-devel-linux-x86_64-debian-gcc | 1.0.6 | 13.67 | 216.01 | 229.68 | OK | |
r-devel-linux-x86_64-fedora-clang | 1.0.6 | 526.43 | NOTE | |||
r-devel-linux-x86_64-fedora-gcc | 1.0.6 | 521.12 | NOTE | |||
r-devel-windows-x86_64 | 1.0.6 | 18.00 | 271.00 | 289.00 | OK | |
r-patched-linux-x86_64 | 1.0.6 | 18.71 | 304.81 | 323.52 | OK | |
r-release-linux-x86_64 | 1.0.6 | 17.68 | 301.75 | 319.43 | OK | |
r-release-macos-arm64 | 1.0.6 | 121.00 | OK | |||
r-release-macos-x86_64 | 1.0.6 | 207.00 | OK | |||
r-release-windows-x86_64 | 1.0.6 | 18.00 | 275.00 | 293.00 | OK | |
r-oldrel-macos-arm64 | 1.0.6 | 171.00 | OK | |||
r-oldrel-macos-x86_64 | 1.0.6 | 235.00 | OK | |||
r-oldrel-windows-x86_64 | 1.0.6 | 25.00 | 356.00 | 381.00 | OK |
Version: 1.0.6
Check: dependencies in R code
Result: NOTE
Namespace in Imports field not imported from: ‘knitr’
All declared Imports should be used.
Flavors: r-devel-linux-x86_64-fedora-clang, r-devel-linux-x86_64-fedora-gcc