Last updated on 2025-04-30 00:50:02 CEST.
Flavor | Version | Tinstall | Tcheck | Ttotal | Status | Flags |
---|---|---|---|---|---|---|
r-devel-linux-x86_64-debian-clang | 1.0.1 | 2.30 | 45.52 | 47.82 | NOTE | |
r-devel-linux-x86_64-debian-gcc | 1.0.1 | 1.61 | 33.77 | 35.38 | NOTE | |
r-devel-linux-x86_64-fedora-clang | 1.0.1 | 73.55 | OK | |||
r-devel-linux-x86_64-fedora-gcc | 1.0.1 | 73.41 | OK | |||
r-devel-windows-x86_64 | 1.0.1 | 4.00 | 65.00 | 69.00 | OK | |
r-patched-linux-x86_64 | 1.0.1 | 2.39 | 44.57 | 46.96 | OK | |
r-release-linux-x86_64 | 1.0.1 | 2.26 | 43.25 | 45.51 | OK | |
r-release-macos-arm64 | 1.0.1 | 28.00 | OK | |||
r-release-macos-x86_64 | 1.0.1 | 51.00 | OK | |||
r-release-windows-x86_64 | 1.0.1 | 4.00 | 68.00 | 72.00 | OK | |
r-oldrel-macos-arm64 | 1.0.1 | 29.00 | OK | |||
r-oldrel-macos-x86_64 | 1.0.1 | 48.00 | OK | |||
r-oldrel-windows-x86_64 | 1.0.1 | 4.00 | 79.00 | 83.00 | OK |
Version: 1.0.1
Check: examples
Result: NOTE
Examples with CPU (user + system) or elapsed time > 5s
user system elapsed
coef.srlars 6.371 0.318 7.839
Flavor: r-devel-linux-x86_64-debian-clang
Version: 1.0.1
Check: examples
Result: NOTE
Examples with CPU (user + system) or elapsed time > 5s
user system elapsed
coef.srlars 4.16 0.286 5.554
Flavor: r-devel-linux-x86_64-debian-gcc