CRAN Package Check Results for Package sRDA

Last updated on 2025-01-21 07:49:26 CET.

Flavor Version Tinstall Tcheck Ttotal Status Flags
r-devel-linux-x86_64-debian-clang 1.0.0 7.00 53.93 60.93 OK
r-devel-linux-x86_64-debian-gcc 1.0.0 5.86 41.23 47.09 OK
r-devel-linux-x86_64-fedora-clang 1.0.0 96.76 OK
r-devel-linux-x86_64-fedora-gcc 1.0.0 93.18 OK
r-devel-windows-x86_64 1.0.0 7.00 71.00 78.00 OK
r-patched-linux-x86_64 1.0.0 6.30 51.61 57.91 NOTE
r-release-linux-x86_64 1.0.0 6.91 50.73 57.64 NOTE
r-release-macos-arm64 1.0.0 31.00 NOTE
r-release-macos-x86_64 1.0.0 45.00 NOTE
r-release-windows-x86_64 1.0.0 6.00 75.00 81.00 NOTE
r-oldrel-macos-arm64 1.0.0 34.00 NOTE
r-oldrel-macos-x86_64 1.0.0 53.00 NOTE
r-oldrel-windows-x86_64 1.0.0 9.00 79.00 88.00 NOTE

Check Details

Version: 1.0.0
Check: LazyData
Result: NOTE 'LazyData' is specified without a 'data' directory Flavors: r-patched-linux-x86_64, r-release-linux-x86_64, r-release-macos-arm64, r-release-macos-x86_64, r-release-windows-x86_64, r-oldrel-macos-arm64, r-oldrel-macos-x86_64, r-oldrel-windows-x86_64