Last updated on 2025-01-18 19:49:18 CET.
Flavor | Version | Tinstall | Tcheck | Ttotal | Status | Flags |
---|---|---|---|---|---|---|
r-devel-linux-x86_64-debian-clang | 1.0.14 | 117.97 | 80.38 | 198.35 | OK | |
r-devel-linux-x86_64-debian-gcc | 1.0.14 | 93.59 | 62.29 | 155.88 | OK | |
r-devel-linux-x86_64-fedora-clang | 1.0.14 | 343.94 | OK | |||
r-devel-linux-x86_64-fedora-gcc | 1.0.14 | 414.75 | OK | |||
r-devel-windows-x86_64 | 1.0.14 | 113.00 | 135.00 | 248.00 | OK | |
r-patched-linux-x86_64 | 1.0.14 | 124.47 | 82.74 | 207.21 | OK | |
r-release-linux-x86_64 | 1.0.14 | 129.57 | 82.65 | 212.22 | OK | |
r-release-macos-arm64 | 1.0.14 | 91.00 | NOTE | |||
r-release-macos-x86_64 | 1.0.14 | 116.00 | NOTE | |||
r-release-windows-x86_64 | 1.0.14 | 114.00 | 131.00 | 245.00 | OK | |
r-oldrel-macos-arm64 | 1.0.14 | 96.00 | NOTE | |||
r-oldrel-macos-x86_64 | 1.0.14 | 143.00 | NOTE | |||
r-oldrel-windows-x86_64 | 1.0.14 | 132.00 | 159.00 | 291.00 | OK |
Version: 1.0.14
Check: installed package size
Result: NOTE
installed size is 26.6Mb
sub-directories of 1Mb or more:
libs 25.7Mb
Flavors: r-release-macos-arm64, r-release-macos-x86_64, r-oldrel-macos-arm64, r-oldrel-macos-x86_64