CRAN Package Check Results for Package rollinglda

Last updated on 2025-06-22 12:49:56 CEST.

Flavor Version Tinstall Tcheck Ttotal Status Flags
r-devel-linux-x86_64-debian-clang 0.1.3 9.01 121.43 130.44 NOTE
r-devel-linux-x86_64-debian-gcc 0.1.3 6.54 79.46 86.00 NOTE
r-devel-linux-x86_64-fedora-clang 0.1.3 200.10 OK
r-devel-linux-x86_64-fedora-gcc 0.1.3 184.03 OK
r-devel-windows-x86_64 0.1.3 13.00 115.00 128.00 NOTE
r-patched-linux-x86_64 0.1.3 9.46 107.16 116.62 NOTE
r-release-linux-x86_64 0.1.3 9.13 106.66 115.79 NOTE
r-release-macos-arm64 0.1.3 60.00 OK
r-release-macos-x86_64 0.1.3 105.00 OK
r-release-windows-x86_64 0.1.3 15.00 116.00 131.00 NOTE
r-oldrel-macos-arm64 0.1.3 63.00 OK
r-oldrel-macos-x86_64 0.1.3 90.00 OK
r-oldrel-windows-x86_64 0.1.3 18.00 146.00 164.00 OK

Check Details

Version: 0.1.3
Check: Rd cross-references
Result: NOTE Found the following Rd file(s) with Rd \link{} targets missing package anchors: RollingLDA.Rd: LDA updateRollingLDA.Rd: LDA Please provide package anchors for all Rd \link{} targets not in the package itself and the base packages. Flavors: r-devel-linux-x86_64-debian-clang, r-devel-linux-x86_64-debian-gcc, r-devel-windows-x86_64, r-patched-linux-x86_64, r-release-linux-x86_64, r-release-windows-x86_64