Last updated on 2025-01-24 07:49:28 CET.
Flavor | Version | Tinstall | Tcheck | Ttotal | Status | Flags |
---|---|---|---|---|---|---|
r-devel-linux-x86_64-debian-clang | 0.37.3 | 78.59 | 117.93 | 196.52 | OK | |
r-devel-linux-x86_64-debian-gcc | 0.37.3 | 56.40 | 75.64 | 132.04 | OK | |
r-devel-linux-x86_64-fedora-clang | 0.37.3 | 348.31 | OK | |||
r-devel-linux-x86_64-fedora-gcc | 0.37.3 | 346.50 | OK | |||
r-devel-windows-x86_64 | 0.37.3 | 85.00 | 159.00 | 244.00 | OK | |
r-patched-linux-x86_64 | 0.37.3 | 86.26 | 111.56 | 197.82 | NOTE | |
r-release-linux-x86_64 | 0.37.3 | 74.51 | 109.51 | 184.02 | NOTE | |
r-release-macos-arm64 | 0.37.3 | 80.00 | NOTE | |||
r-release-macos-x86_64 | 0.37.3 | 93.00 | NOTE | |||
r-release-windows-x86_64 | 0.37.3 | 81.00 | 153.00 | 234.00 | OK | |
r-oldrel-macos-arm64 | 0.37.3 | 84.00 | NOTE | |||
r-oldrel-macos-x86_64 | 0.37.3 | 162.00 | NOTE | |||
r-oldrel-windows-x86_64 | 0.37.3 | 98.00 | 193.00 | 291.00 | NOTE |
Version: 0.37.3
Check: package dependencies
Result: NOTE
Package suggested but not available for checking: ‘raybevel’
Flavors: r-patched-linux-x86_64, r-release-linux-x86_64, r-oldrel-macos-arm64, r-oldrel-macos-x86_64
Version: 0.37.3
Check: installed package size
Result: NOTE
installed size is 7.2Mb
sub-directories of 1Mb or more:
data 2.9Mb
libs 3.3Mb
Flavors: r-release-macos-arm64, r-release-macos-x86_64, r-oldrel-macos-arm64, r-oldrel-macos-x86_64, r-oldrel-windows-x86_64