CRAN Package Check Results for Package nhdplusTools

Last updated on 2025-06-19 12:48:50 CEST.

Flavor Version Tinstall Tcheck Ttotal Status Flags
r-devel-linux-x86_64-debian-clang 1.3.2 15.02 205.75 220.77 OK
r-devel-linux-x86_64-debian-gcc 1.3.2 10.23 146.91 157.14 OK
r-devel-linux-x86_64-fedora-clang 1.3.2 332.39 OK
r-devel-linux-x86_64-fedora-gcc 1.3.2 343.02 OK
r-devel-windows-x86_64 1.3.2 16.00 190.00 206.00 OK
r-patched-linux-x86_64 1.3.2 14.51 184.72 199.23 OK
r-release-linux-x86_64 1.3.2 11.80 188.51 200.31 OK
r-release-macos-arm64 1.3.2 98.00 OK
r-release-macos-x86_64 1.3.2 163.00 OK
r-release-windows-x86_64 1.3.2 17.00 188.00 205.00 OK
r-oldrel-macos-arm64 1.3.2 101.00 NOTE
r-oldrel-macos-x86_64 1.3.1 191.00 NOTE
r-oldrel-windows-x86_64 1.3.2 22.00 232.00 254.00 NOTE

Check Details

Version: 1.3.2
Check: installed package size
Result: NOTE installed size is 7.4Mb sub-directories of 1Mb or more: data 1.6Mb doc 5.1Mb Flavors: r-oldrel-macos-arm64, r-oldrel-windows-x86_64

Version: 1.3.1
Check: installed package size
Result: NOTE installed size is 7.4Mb sub-directories of 1Mb or more: data 1.6Mb doc 5.1Mb Flavor: r-oldrel-macos-x86_64