CRAN Package Check Results for Package nestedmodels

Last updated on 2025-01-20 08:48:32 CET.

Flavor Version Tinstall Tcheck Ttotal Status Flags
r-devel-linux-x86_64-debian-clang 1.1.0 14.68 159.41 174.09 NOTE
r-devel-linux-x86_64-debian-gcc 1.1.0 11.08 110.47 121.55 NOTE
r-devel-linux-x86_64-fedora-clang 1.1.0 273.47 OK
r-devel-linux-x86_64-fedora-gcc 1.1.0 273.45 OK
r-devel-windows-x86_64 1.1.0 14.00 158.00 172.00 NOTE
r-patched-linux-x86_64 1.1.0 19.50 143.89 163.39 OK
r-release-linux-x86_64 1.1.0 14.70 146.14 160.84 OK
r-release-macos-arm64 1.1.0 80.00 OK
r-release-macos-x86_64 1.1.0 125.00 OK
r-release-windows-x86_64 1.1.0 16.00 158.00 174.00 OK
r-oldrel-macos-arm64 1.1.0 92.00 OK
r-oldrel-macos-x86_64 1.1.0 158.00 OK
r-oldrel-windows-x86_64 1.1.0 19.00 200.00 219.00 OK

Check Details

Version: 1.1.0
Check: Rd cross-references
Result: NOTE Found the following Rd file(s) with Rd \link{} targets missing package anchors: step_nest.Rd: tidy.recipe Please provide package anchors for all Rd \link{} targets not in the package itself and the base packages. Flavors: r-devel-linux-x86_64-debian-clang, r-devel-linux-x86_64-debian-gcc, r-devel-windows-x86_64