Last updated on 2025-01-14 07:50:13 CET.
Flavor | Version | Tinstall | Tcheck | Ttotal | Status | Flags |
---|---|---|---|---|---|---|
r-devel-linux-x86_64-debian-clang | 0.4.3 | 17.07 | 176.27 | 193.34 | OK | |
r-devel-linux-x86_64-debian-gcc | 0.4.3 | 11.53 | 122.99 | 134.52 | OK | |
r-devel-linux-x86_64-fedora-clang | 0.4.3 | 320.27 | OK | |||
r-devel-linux-x86_64-fedora-gcc | 0.4.3 | 326.50 | OK | |||
r-devel-windows-x86_64 | 0.4.3 | 17.00 | 163.00 | 180.00 | OK | |
r-patched-linux-x86_64 | 0.4.3 | 16.45 | 164.08 | 180.53 | OK | |
r-release-linux-x86_64 | 0.4.3 | 15.68 | 165.28 | 180.96 | OK | |
r-release-macos-arm64 | 0.4.3 | 149.00 | NOTE | |||
r-release-macos-x86_64 | 0.4.3 | 127.00 | OK | |||
r-release-windows-x86_64 | 0.4.3 | 16.00 | 158.00 | 174.00 | OK | |
r-oldrel-macos-arm64 | 0.4.3 | 210.00 | NOTE | |||
r-oldrel-macos-x86_64 | 0.4.3 | 378.00 | NOTE | |||
r-oldrel-windows-x86_64 | 0.4.3 | 23.00 | 207.00 | 230.00 | OK |
Version: 0.4.3
Check: package dependencies
Result: NOTE
Package suggested but not available for checking: ‘leukemiasEset’
Flavor: r-release-macos-arm64
Version: 0.4.3
Check: package dependencies
Result: NOTE
Packages suggested but not available for checking:
'switchBox', 'leukemiasEset'
Flavors: r-oldrel-macos-arm64, r-oldrel-macos-x86_64