Last updated on 2025-01-12 19:49:17 CET.
Flavor | Version | Tinstall | Tcheck | Ttotal | Status | Flags |
---|---|---|---|---|---|---|
r-devel-linux-x86_64-debian-clang | 1.19 | 16.54 | 108.06 | 124.60 | NOTE | |
r-devel-linux-x86_64-debian-gcc | 1.19 | 11.71 | 77.60 | 89.31 | NOTE | |
r-devel-linux-x86_64-fedora-clang | 1.19 | 199.80 | OK | |||
r-devel-linux-x86_64-fedora-gcc | 1.19 | 198.52 | OK | |||
r-devel-windows-x86_64 | 1.19 | 17.00 | 115.00 | 132.00 | NOTE | |
r-patched-linux-x86_64 | 1.19 | 20.58 | 100.85 | 121.43 | OK | |
r-release-linux-x86_64 | 1.19 | 11.89 | 99.05 | 110.94 | OK | |
r-release-macos-arm64 | 1.19 | 58.00 | OK | |||
r-release-macos-x86_64 | 1.19 | 87.00 | OK | |||
r-release-windows-x86_64 | 1.19 | 16.00 | 114.00 | 130.00 | OK | |
r-oldrel-macos-arm64 | 1.19 | 65.00 | OK | |||
r-oldrel-macos-x86_64 | 1.19 | 115.00 | OK | |||
r-oldrel-windows-x86_64 | 1.19 | 22.00 | 139.00 | 161.00 | OK |
Version: 1.19
Check: Rd cross-references
Result: NOTE
Found the following Rd file(s) with Rd \link{} targets missing package
anchors:
MIFAMD.Rd: with.mids, pool, summary.mira
MIMCA.Rd: with.mids, pool, summary.mira
MIPCA.Rd: with.mids, pool, summary.mira
prelim.Rd: with.mids, pool, summary.mira
Please provide package anchors for all Rd \link{} targets not in the
package itself and the base packages.
Flavors: r-devel-linux-x86_64-debian-clang, r-devel-linux-x86_64-debian-gcc, r-devel-windows-x86_64