CRAN Package Check Results for Package metadat

Last updated on 2025-01-25 19:48:50 CET.

Flavor Version Tinstall Tcheck Ttotal Status Flags
r-devel-linux-x86_64-debian-clang 1.2-0 3.64 48.55 52.19 WARN
r-devel-linux-x86_64-debian-gcc 1.2-0 3.15 34.19 37.34 WARN
r-devel-linux-x86_64-fedora-clang 1.2-0 88.67 WARN
r-devel-linux-x86_64-fedora-gcc 1.2-0 79.48 WARN
r-devel-windows-x86_64 1.2-0 8.00 92.00 100.00 OK
r-patched-linux-x86_64 1.2-0 5.35 46.30 51.65 WARN
r-release-linux-x86_64 1.2-0 3.24 46.62 49.86 WARN
r-release-macos-arm64 1.2-0 26.00 OK
r-release-macos-x86_64 1.2-0 37.00 OK
r-release-windows-x86_64 1.2-0 6.00 91.00 97.00 OK
r-oldrel-macos-arm64 1.2-0 30.00 OK
r-oldrel-macos-x86_64 1.2-0 54.00 OK
r-oldrel-windows-x86_64 1.2-0 8.00 102.00 110.00 OK

Check Details

Version: 1.2-0
Check: Rd cross-references
Result: WARN Missing link(s) in Rd file 'dat.baker2009.Rd': ‘[netmeta]{pairwise}’ Missing link(s) in Rd file 'dat.dogliotti2014.Rd': ‘[netmeta]{pairwise}’ Missing link(s) in Rd file 'dat.dong2013.Rd': ‘[netmeta]{pairwise}’ Missing link(s) in Rd file 'dat.gurusamy2011.Rd': ‘[netmeta]{pairwise}’ Missing link(s) in Rd file 'dat.linde2015.Rd': ‘[netmeta]{pairwise}’ Missing link(s) in Rd file 'dat.stowe2010.Rd': ‘[netmeta]{pairwise}’ See section 'Cross-references' in the 'Writing R Extensions' manual. Flavors: r-devel-linux-x86_64-debian-clang, r-devel-linux-x86_64-debian-gcc, r-devel-linux-x86_64-fedora-clang, r-devel-linux-x86_64-fedora-gcc

Version: 1.2-0
Check: Rd cross-references
Result: WARN Missing link or links in Rd file 'dat.baker2009.Rd': ‘[netmeta]{pairwise}’ Missing link or links in Rd file 'dat.dogliotti2014.Rd': ‘[netmeta]{pairwise}’ Missing link or links in Rd file 'dat.dong2013.Rd': ‘[netmeta]{pairwise}’ Missing link or links in Rd file 'dat.gurusamy2011.Rd': ‘[netmeta]{pairwise}’ Missing link or links in Rd file 'dat.linde2015.Rd': ‘[netmeta]{pairwise}’ Missing link or links in Rd file 'dat.stowe2010.Rd': ‘[netmeta]{pairwise}’ See section 'Cross-references' in the 'Writing R Extensions' manual. Flavors: r-patched-linux-x86_64, r-release-linux-x86_64