CRAN Package Check Results for Package metacart

Last updated on 2025-01-24 20:49:14 CET.

Flavor Version Tinstall Tcheck Ttotal Status Flags
r-devel-linux-x86_64-debian-clang 2.0-3 26.74 51.25 77.99 NOTE
r-devel-linux-x86_64-debian-gcc 2.0-3 19.57 36.90 56.47 NOTE
r-devel-linux-x86_64-fedora-clang 2.0-3 147.45 OK
r-devel-linux-x86_64-fedora-gcc 2.0-3 136.88 OK
r-devel-windows-x86_64 2.0-3 33.00 86.00 119.00 NOTE
r-patched-linux-x86_64 2.0-3 29.62 47.35 76.97 OK
r-release-linux-x86_64 2.0-3 28.85 47.97 76.82 OK
r-release-macos-arm64 2.0-3 34.00 OK
r-release-macos-x86_64 2.0-3 47.00 OK
r-release-windows-x86_64 2.0-3 30.00 84.00 114.00 OK
r-oldrel-macos-arm64 2.0-3 47.00 OK
r-oldrel-macos-x86_64 2.0-3 62.00 OK
r-oldrel-windows-x86_64 2.0-3 39.00 97.00 136.00 OK

Check Details

Version: 2.0-3
Check: Rd cross-references
Result: NOTE Found the following Rd file(s) with Rd \link{} targets missing package anchors: FEmrt.Rd: rpart, rpart.control Please provide package anchors for all Rd \link{} targets not in the package itself and the base packages. Flavors: r-devel-linux-x86_64-debian-clang, r-devel-linux-x86_64-debian-gcc, r-devel-windows-x86_64