CRAN Package Check Results for Package likert

Last updated on 2025-01-25 19:48:47 CET.

Flavor Version Tinstall Tcheck Ttotal Status Flags
r-devel-linux-x86_64-debian-clang 1.3.5 6.24 60.52 66.76 NOTE
r-devel-linux-x86_64-debian-gcc 1.3.5 5.65 45.62 51.27 NOTE
r-devel-linux-x86_64-fedora-clang 1.3.5 109.29 OK
r-devel-linux-x86_64-fedora-gcc 1.3.5 116.10 OK
r-devel-windows-x86_64 1.3.5 9.00 89.00 98.00 NOTE
r-patched-linux-x86_64 1.3.5 10.39 57.20 67.59 OK
r-release-linux-x86_64 1.3.5 6.28 57.76 64.04 OK
r-release-macos-arm64 1.3.5 39.00 OK
r-release-macos-x86_64 1.3.5 59.00 OK
r-release-windows-x86_64 1.3.5 10.00 87.00 97.00 OK
r-oldrel-macos-arm64 1.3.5 44.00 OK
r-oldrel-macos-x86_64 1.3.5 65.00 OK
r-oldrel-windows-x86_64 1.3.5 11.00 96.00 107.00 OK

Check Details

Version: 1.3.5
Check: Rd cross-references
Result: NOTE Found the following Rd file(s) with Rd \link{} targets missing package anchors: plot.likert.Rd: theme plot.likert.gap.Rd: theme print.xlikert.Rd: print.xtable xtable.likert.Rd: xtable, print.xtable Please provide package anchors for all Rd \link{} targets not in the package itself and the base packages. Flavors: r-devel-linux-x86_64-debian-clang, r-devel-linux-x86_64-debian-gcc, r-devel-windows-x86_64