CRAN Package Check Results for Package ir

Last updated on 2025-01-24 07:49:19 CET.

Flavor Version Tinstall Tcheck Ttotal Status Flags
r-devel-linux-x86_64-debian-clang 0.2.1 10.84 171.28 182.12 NOTE
r-devel-linux-x86_64-debian-gcc 0.2.1 7.01 115.26 122.27 NOTE
r-devel-linux-x86_64-fedora-clang 0.2.1 285.84 NOTE
r-devel-linux-x86_64-fedora-gcc 0.2.1 286.17 NOTE
r-devel-windows-x86_64 0.2.1 13.00 182.00 195.00 NOTE
r-patched-linux-x86_64 0.2.1 11.00 156.00 167.00 NOTE
r-release-linux-x86_64 0.2.1 8.12 156.57 164.69 NOTE
r-release-macos-arm64 0.2.1 82.00 NOTE
r-release-macos-x86_64 0.2.1 122.00 NOTE
r-release-windows-x86_64 0.2.1 12.00 177.00 189.00 NOTE
r-oldrel-macos-arm64 0.2.1 105.00 NOTE
r-oldrel-macos-x86_64 0.2.1 184.00 NOTE
r-oldrel-windows-x86_64 0.2.1 17.00 223.00 240.00 NOTE

Check Details

Version: 0.2.1
Check: Rd files
Result: NOTE checkRd: (-1) ir_to_transmittance.Rd:49: Escaped LaTeX specials: \& Flavors: r-devel-linux-x86_64-debian-clang, r-devel-linux-x86_64-debian-gcc, r-devel-linux-x86_64-fedora-clang, r-devel-linux-x86_64-fedora-gcc, r-devel-windows-x86_64, r-patched-linux-x86_64, r-release-linux-x86_64, r-release-macos-arm64, r-release-macos-x86_64, r-release-windows-x86_64, r-oldrel-macos-arm64, r-oldrel-macos-x86_64, r-oldrel-windows-x86_64