Last updated on 2025-01-21 07:49:14 CET.
Flavor | Version | Tinstall | Tcheck | Ttotal | Status | Flags |
---|---|---|---|---|---|---|
r-devel-linux-x86_64-debian-clang | 0.11.3 | 15.26 | 246.20 | 261.46 | OK | |
r-devel-linux-x86_64-debian-gcc | 0.11.3 | 9.52 | 154.91 | 164.43 | OK | |
r-devel-linux-x86_64-fedora-clang | 0.11.3 | 359.51 | OK | |||
r-devel-linux-x86_64-fedora-gcc | 0.11.3 | 332.91 | OK | |||
r-devel-windows-x86_64 | 0.11.3 | 16.00 | 181.00 | 197.00 | OK | |
r-patched-linux-x86_64 | 0.11.3 | 15.47 | 188.85 | 204.32 | NOTE | |
r-release-linux-x86_64 | 0.11.3 | 13.49 | 191.65 | 205.14 | OK | |
r-release-macos-arm64 | 0.11.3 | 123.00 | OK | |||
r-release-macos-x86_64 | 0.11.3 | 142.00 | OK | |||
r-release-windows-x86_64 | 0.11.3 | 17.00 | 187.00 | 204.00 | OK | |
r-oldrel-macos-arm64 | 0.11.3 | 108.00 | OK | |||
r-oldrel-macos-x86_64 | 0.11.3 | 248.00 | OK | |||
r-oldrel-windows-x86_64 | 0.11.3 | 19.00 | 215.00 | 234.00 | OK |
Version: 0.11.3
Check: package dependencies
Result: NOTE
Package suggested but not available for checking: ‘h2o’
Flavor: r-patched-linux-x86_64