Last updated on 2025-01-18 19:49:09 CET.
Flavor | Version | Tinstall | Tcheck | Ttotal | Status | Flags |
---|---|---|---|---|---|---|
r-devel-linux-x86_64-debian-clang | 1.5 | 7.35 | 66.66 | 74.01 | OK | |
r-devel-linux-x86_64-debian-gcc | 1.5 | 5.37 | 49.41 | 54.78 | OK | |
r-devel-linux-x86_64-fedora-clang | 1.5 | 120.26 | OK | |||
r-devel-linux-x86_64-fedora-gcc | 1.5 | 114.51 | OK | |||
r-devel-windows-x86_64 | 1.5 | 8.00 | 83.00 | 91.00 | OK | |
r-patched-linux-x86_64 | 1.5 | 8.24 | 62.35 | 70.59 | OK | |
r-release-linux-x86_64 | 1.5 | 7.76 | 64.75 | 72.51 | OK | |
r-release-macos-arm64 | 1.5 | 35.00 | NOTE | |||
r-release-macos-x86_64 | 1.5 | 54.00 | NOTE | |||
r-release-windows-x86_64 | 1.5 | 10.00 | 86.00 | 96.00 | OK | |
r-oldrel-macos-arm64 | 1.5 | 43.00 | NOTE | |||
r-oldrel-macos-x86_64 | 1.5 | 75.00 | NOTE | |||
r-oldrel-windows-x86_64 | 1.5 | 9.00 | 101.00 | 110.00 | OK |
Version: 1.5
Check: package dependencies
Result: NOTE
Package suggested but not available for checking: ‘mixAK’
Flavors: r-release-macos-arm64, r-oldrel-macos-arm64, r-oldrel-macos-x86_64
Version: 1.5
Check: package dependencies
Result: NOTE
Packages suggested but not available for checking: 'mixAK', 'frailtypack'
Flavor: r-release-macos-x86_64