Last updated on 2025-01-25 07:50:26 CET.
Flavor | Version | Tinstall | Tcheck | Ttotal | Status | Flags |
---|---|---|---|---|---|---|
r-devel-linux-x86_64-debian-clang | 1.2.8 | 33.33 | 284.31 | 317.64 | OK | |
r-devel-linux-x86_64-debian-gcc | 1.2.8 | 22.50 | 198.92 | 221.42 | OK | |
r-devel-linux-x86_64-fedora-clang | 1.2.8 | 528.86 | OK | |||
r-devel-linux-x86_64-fedora-gcc | 1.2.8 | 488.15 | OK | |||
r-devel-windows-x86_64 | 1.2.8 | 35.00 | 244.00 | 279.00 | OK | |
r-patched-linux-x86_64 | 1.2.8 | 30.20 | 260.03 | 290.23 | OK | |
r-release-linux-x86_64 | 1.2.8 | 32.76 | 258.71 | 291.47 | OK | |
r-release-macos-arm64 | 1.2.8 | 120.00 | OK | |||
r-release-macos-x86_64 | 1.2.8 | 278.00 | OK | |||
r-release-windows-x86_64 | 1.2.8 | 35.00 | 236.00 | 271.00 | OK | |
r-oldrel-macos-arm64 | 1.2.8 | 134.00 | NOTE | |||
r-oldrel-macos-x86_64 | 1.2.8 | 275.00 | NOTE | |||
r-oldrel-windows-x86_64 | 1.2.8 | 47.00 | 321.00 | 368.00 | OK |
Version: 1.2.8
Check: package dependencies
Result: NOTE
Package suggested but not available for checking: ‘rrvgo’
Flavors: r-oldrel-macos-arm64, r-oldrel-macos-x86_64