Last updated on 2025-01-21 07:49:12 CET.
Flavor | Version | Tinstall | Tcheck | Ttotal | Status | Flags |
---|---|---|---|---|---|---|
r-devel-linux-x86_64-debian-clang | 2.4.4 | 24.27 | 228.00 | 252.27 | NOTE | |
r-devel-linux-x86_64-debian-gcc | 2.4.4 | 16.87 | 147.40 | 164.27 | NOTE | |
r-devel-linux-x86_64-fedora-clang | 2.4.4 | 414.85 | OK | |||
r-devel-linux-x86_64-fedora-gcc | 2.4.4 | 406.11 | OK | |||
r-devel-windows-x86_64 | 2.4.4 | 27.00 | 252.00 | 279.00 | NOTE | |
r-patched-linux-x86_64 | 2.4.4 | 34.56 | 215.54 | 250.10 | OK | |
r-release-linux-x86_64 | 2.4.4 | 24.33 | 215.13 | 239.46 | OK | |
r-release-macos-arm64 | 2.4.4 | 99.00 | OK | |||
r-release-macos-x86_64 | 2.4.4 | 150.00 | OK | |||
r-release-windows-x86_64 | 2.4.4 | 29.00 | 250.00 | 279.00 | OK | |
r-oldrel-macos-arm64 | 2.4.4 | 97.00 | OK | |||
r-oldrel-macos-x86_64 | 2.4.4 | 153.00 | OK | |||
r-oldrel-windows-x86_64 | 2.4.4 | 33.00 | 319.00 | 352.00 | OK |
Version: 2.4.4
Check: Rd cross-references
Result: NOTE
Found the following Rd file(s) with Rd \link{} targets missing package
anchors:
promaxQ.Rd: GPForth
Please provide package anchors for all Rd \link{} targets not in the
package itself and the base packages.
Flavors: r-devel-linux-x86_64-debian-clang, r-devel-linux-x86_64-debian-gcc, r-devel-windows-x86_64