CRAN Package Check Results for Package fect

Last updated on 2025-01-25 19:48:43 CET.

Flavor Version Tinstall Tcheck Ttotal Status Flags
r-devel-linux-x86_64-debian-clang 1.0.0 116.64 138.13 254.77 NOTE
r-devel-linux-x86_64-debian-gcc 1.0.0 87.90 93.16 181.06 NOTE
r-devel-linux-x86_64-fedora-clang 1.0.0 481.30 NOTE
r-devel-linux-x86_64-fedora-gcc 1.0.0 459.28 NOTE
r-devel-windows-x86_64 1.0.0 121.00 147.00 268.00 NOTE
r-patched-linux-x86_64 1.0.0 119.55 125.55 245.10 NOTE
r-release-linux-x86_64 1.0.0 119.68 127.07 246.75 NOTE
r-release-macos-arm64 1.0.0 92.00 NOTE
r-release-macos-x86_64 1.0.0 126.00 NOTE
r-release-windows-x86_64 1.0.0 119.00 140.00 259.00 NOTE
r-oldrel-macos-arm64 1.0.0 102.00 NOTE
r-oldrel-macos-x86_64 1.0.0 178.00 NOTE
r-oldrel-windows-x86_64 1.0.0 153.00 189.00 342.00 NOTE

Check Details

Version: 1.0.0
Check: C++ specification
Result: NOTE Specified C++11: please drop specification unless essential Flavors: r-devel-linux-x86_64-debian-clang, r-devel-linux-x86_64-debian-gcc, r-devel-linux-x86_64-fedora-clang, r-devel-linux-x86_64-fedora-gcc, r-devel-windows-x86_64, r-patched-linux-x86_64, r-release-linux-x86_64, r-release-macos-arm64, r-release-macos-x86_64, r-release-windows-x86_64, r-oldrel-macos-arm64, r-oldrel-macos-x86_64, r-oldrel-windows-x86_64

Version: 1.0.0
Check: dependencies in R code
Result: NOTE Namespace in Imports field not imported from: ‘panelView’ All declared Imports should be used. Flavors: r-devel-linux-x86_64-fedora-clang, r-devel-linux-x86_64-fedora-gcc

Version: 1.0.0
Check: installed package size
Result: NOTE installed size is 8.6Mb sub-directories of 1Mb or more: libs 7.2Mb Flavors: r-release-macos-arm64, r-release-macos-x86_64, r-oldrel-macos-arm64, r-oldrel-macos-x86_64