CRAN Package Check Results for Package disclapmix

Last updated on 2025-01-18 19:49:05 CET.

Flavor Version Tinstall Tcheck Ttotal Status Flags
r-devel-linux-x86_64-debian-clang 1.7.4 19.23 63.61 82.84 NOTE
r-devel-linux-x86_64-debian-gcc 1.7.4 14.78 45.18 59.96 NOTE
r-devel-linux-x86_64-fedora-clang 1.7.4 145.61 NOTE
r-devel-linux-x86_64-fedora-gcc 1.7.4 162.01 NOTE
r-devel-windows-x86_64 1.7.4 22.00 109.00 131.00 NOTE
r-patched-linux-x86_64 1.7.4 21.80 61.99 83.79 NOTE
r-release-linux-x86_64 1.7.4 21.01 59.69 80.70 NOTE
r-release-macos-arm64 1.7.4 52.00 NOTE
r-release-macos-x86_64 1.7.4 70.00 NOTE
r-release-windows-x86_64 1.7.4 23.00 109.00 132.00 NOTE
r-oldrel-macos-arm64 1.7.4 56.00 NOTE
r-oldrel-macos-x86_64 1.7.4 88.00 NOTE
r-oldrel-windows-x86_64 1.7.4 25.00 121.00 146.00 NOTE

Check Details

Version: 1.7.4
Check: C++ specification
Result: NOTE Specified C++11: please drop specification unless essential Flavors: r-devel-linux-x86_64-debian-clang, r-devel-linux-x86_64-debian-gcc, r-devel-linux-x86_64-fedora-clang, r-devel-linux-x86_64-fedora-gcc, r-devel-windows-x86_64, r-patched-linux-x86_64, r-release-linux-x86_64, r-release-macos-arm64, r-release-macos-x86_64, r-release-windows-x86_64, r-oldrel-macos-arm64, r-oldrel-macos-x86_64, r-oldrel-windows-x86_64