Last updated on 2025-01-20 08:48:23 CET.
Flavor | Version | Tinstall | Tcheck | Ttotal | Status | Flags |
---|---|---|---|---|---|---|
r-devel-linux-x86_64-debian-clang | 0.6.15 | 72.81 | 100.60 | 173.41 | OK | |
r-devel-linux-x86_64-debian-gcc | 0.6.15 | 56.03 | 72.02 | 128.05 | OK | |
r-devel-linux-x86_64-fedora-clang | 0.6.15 | 321.13 | OK | |||
r-devel-linux-x86_64-fedora-gcc | 0.6.15 | 342.76 | OK | |||
r-devel-windows-x86_64 | 0.6.15 | 99.00 | 131.00 | 230.00 | OK | |
r-patched-linux-x86_64 | 0.6.15 | 76.98 | 96.56 | 173.54 | NOTE | |
r-release-linux-x86_64 | 0.6.15 | 76.95 | 96.24 | 173.19 | NOTE | |
r-release-macos-arm64 | 0.6.15 | 91.00 | NOTE | |||
r-release-macos-x86_64 | 0.6.15 | 135.00 | NOTE | |||
r-release-windows-x86_64 | 0.6.15 | 102.00 | 128.00 | 230.00 | NOTE | |
r-oldrel-macos-arm64 | 0.6.15 | 107.00 | NOTE | |||
r-oldrel-macos-x86_64 | 0.6.15 | 177.00 | NOTE | |||
r-oldrel-windows-x86_64 | 0.6.15 | 115.00 | 151.00 | 266.00 | NOTE |
Version: 0.6.15
Check: for GNU extensions in Makefiles
Result: NOTE
GNU make is a SystemRequirements.
Flavors: r-patched-linux-x86_64, r-release-linux-x86_64, r-release-macos-arm64, r-release-macos-x86_64, r-release-windows-x86_64, r-oldrel-macos-arm64, r-oldrel-macos-x86_64, r-oldrel-windows-x86_64