CRAN Package Check Results for Package dclust

Last updated on 2025-06-21 12:48:24 CEST.

Flavor Version Tinstall Tcheck Ttotal Status Flags
r-devel-linux-x86_64-debian-clang 0.1.0 2.25 26.40 28.65 OK
r-devel-linux-x86_64-debian-gcc 0.1.0 1.94 21.34 23.28 OK
r-devel-linux-x86_64-fedora-clang 0.1.0 45.74 OK
r-devel-linux-x86_64-fedora-gcc 0.1.0 43.74 OK
r-devel-windows-x86_64 0.1.0 4.00 44.00 48.00 OK
r-patched-linux-x86_64 0.1.0 2.61 24.71 27.32 OK
r-release-linux-x86_64 0.1.0 2.36 24.89 27.25 OK
r-release-macos-arm64 0.1.0 20.00 OK
r-release-macos-x86_64 0.1.0 33.00 OK
r-release-windows-x86_64 0.1.0 4.00 45.00 49.00 OK
r-oldrel-macos-arm64 0.1.0 18.00 NOTE
r-oldrel-macos-x86_64 0.1.0 24.00 NOTE
r-oldrel-windows-x86_64 0.1.0 5.00 50.00 55.00 NOTE

Check Details

Version: 0.1.0
Check: LazyData
Result: NOTE 'LazyData' is specified without a 'data' directory Flavors: r-oldrel-macos-arm64, r-oldrel-macos-x86_64, r-oldrel-windows-x86_64