CRAN Package Check Results for Package atrrr

Last updated on 2025-06-22 12:49:39 CEST.

Flavor Version Tinstall Tcheck Ttotal Status Flags
r-devel-linux-x86_64-debian-clang 0.1.0 5.08 53.43 58.51 NOTE
r-devel-linux-x86_64-debian-gcc 0.1.0 4.17 40.39 44.56 NOTE
r-devel-linux-x86_64-fedora-clang 0.1.0 91.89 NOTE
r-devel-linux-x86_64-fedora-gcc 0.1.0 106.42 NOTE
r-devel-windows-x86_64 0.1.0 9.00 74.00 83.00 NOTE
r-patched-linux-x86_64 0.1.0 5.12 51.09 56.21 NOTE
r-release-linux-x86_64 0.1.0 5.29 50.33 55.62 NOTE
r-release-macos-arm64 0.1.0 64.00 NOTE
r-release-macos-x86_64 0.1.0 77.00 NOTE
r-release-windows-x86_64 0.1.0 8.00 74.00 82.00 NOTE
r-oldrel-macos-arm64 0.1.0 46.00 OK
r-oldrel-macos-x86_64 0.1.0 77.00 OK
r-oldrel-windows-x86_64 0.1.0 10.00 85.00 95.00 OK

Check Details

Version: 0.1.0
Check: DESCRIPTION meta-information
Result: NOTE Missing dependency on R >= 4.2.0 because package code uses the pipe placeholder syntax added in R 4.2.0. File(s) using such syntax: ‘convert.r’ Flavors: r-devel-linux-x86_64-debian-clang, r-devel-linux-x86_64-debian-gcc, r-devel-linux-x86_64-fedora-clang, r-devel-linux-x86_64-fedora-gcc, r-devel-windows-x86_64, r-patched-linux-x86_64, r-release-linux-x86_64, r-release-macos-arm64, r-release-macos-x86_64, r-release-windows-x86_64