CRAN Package Check Results for Package YRmisc

Last updated on 2025-01-18 07:50:52 CET.

Flavor Version Tinstall Tcheck Ttotal Status Flags
r-devel-linux-x86_64-debian-clang 0.1.6 6.15 61.12 67.27 OK
r-devel-linux-x86_64-debian-gcc 0.1.6 4.29 44.12 48.41 OK
r-devel-linux-x86_64-fedora-clang 0.1.6 111.40 OK
r-devel-linux-x86_64-fedora-gcc 0.1.6 108.28 OK
r-devel-windows-x86_64 0.1.6 8.00 97.00 105.00 OK
r-patched-linux-x86_64 0.1.6 5.61 55.31 60.92 NOTE
r-release-linux-x86_64 0.1.6 5.71 56.04 61.75 NOTE
r-release-macos-arm64 0.1.6 42.00 NOTE
r-release-macos-x86_64 0.1.6 54.00 NOTE
r-release-windows-x86_64 0.1.6 11.00 97.00 108.00 NOTE
r-oldrel-macos-arm64 0.1.6 35.00 NOTE
r-oldrel-macos-x86_64 0.1.6 54.00 NOTE
r-oldrel-windows-x86_64 0.1.6 8.00 106.00 114.00 NOTE

Check Details

Version: 0.1.6
Check: LazyData
Result: NOTE 'LazyData' is specified without a 'data' directory Flavors: r-patched-linux-x86_64, r-release-linux-x86_64, r-release-macos-arm64, r-release-macos-x86_64, r-release-windows-x86_64, r-oldrel-macos-arm64, r-oldrel-macos-x86_64, r-oldrel-windows-x86_64