Last updated on 2025-01-25 19:49:02 CET.
Flavor | Version | Tinstall | Tcheck | Ttotal | Status | Flags |
---|---|---|---|---|---|---|
r-devel-linux-x86_64-debian-clang | 1.5.5 | 154.74 | 174.80 | 329.54 | OK | |
r-devel-linux-x86_64-debian-gcc | 1.5.5 | 118.24 | 105.15 | 223.39 | OK | |
r-devel-linux-x86_64-fedora-clang | 1.5.5 | 622.21 | OK | |||
r-devel-linux-x86_64-fedora-gcc | 1.5.5 | 673.48 | OK | |||
r-devel-windows-x86_64 | 1.5.5 | 153.00 | 178.00 | 331.00 | OK | |
r-patched-linux-x86_64 | 1.5.5 | 166.91 | 159.72 | 326.63 | OK | |
r-release-linux-x86_64 | 1.5.5 | 172.99 | 161.63 | 334.62 | OK | |
r-release-macos-arm64 | 1.5.5 | 124.00 | NOTE | |||
r-release-macos-x86_64 | 1.5.5 | 206.00 | NOTE | |||
r-release-windows-x86_64 | 1.5.5 | 151.00 | 182.00 | 333.00 | OK | |
r-oldrel-macos-arm64 | 1.5.5 | 117.00 | NOTE | |||
r-oldrel-macos-x86_64 | 1.5.5 | 188.00 | NOTE | |||
r-oldrel-windows-x86_64 | 1.5.5 | 169.00 | 225.00 | 394.00 | OK |
Version: 1.5.5
Check: installed package size
Result: NOTE
installed size is 14.9Mb
sub-directories of 1Mb or more:
doc 2.5Mb
libs 12.2Mb
Flavors: r-release-macos-arm64, r-release-macos-x86_64, r-oldrel-macos-arm64, r-oldrel-macos-x86_64