CRAN Package Check Results for Package TPD

Last updated on 2025-01-24 20:49:25 CET.

Flavor Version Tinstall Tcheck Ttotal Status Flags
r-devel-linux-x86_64-debian-clang 1.1.0 9.09 136.59 145.68 OK
r-devel-linux-x86_64-debian-gcc 1.1.0 6.95 100.69 107.64 OK
r-devel-linux-x86_64-fedora-clang 1.1.0 237.31 OK
r-devel-linux-x86_64-fedora-gcc 1.1.0 240.60 OK
r-devel-windows-x86_64 1.1.0 10.00 315.00 325.00 OK
r-patched-linux-x86_64 1.1.0 8.54 128.02 136.56 NOTE
r-release-linux-x86_64 1.1.0 8.74 129.89 138.63 NOTE
r-release-macos-arm64 1.1.0 68.00 NOTE
r-release-macos-x86_64 1.1.0 110.00 NOTE
r-release-windows-x86_64 1.1.0 10.00 145.00 155.00 NOTE
r-oldrel-macos-arm64 1.1.0 89.00 NOTE
r-oldrel-macos-x86_64 1.1.0 122.00 NOTE
r-oldrel-windows-x86_64 1.1.0 13.00 381.00 394.00 NOTE

Check Details

Version: 1.1.0
Check: LazyData
Result: NOTE 'LazyData' is specified without a 'data' directory Flavors: r-patched-linux-x86_64, r-release-linux-x86_64, r-release-macos-arm64, r-release-macos-x86_64, r-release-windows-x86_64, r-oldrel-macos-arm64, r-oldrel-macos-x86_64, r-oldrel-windows-x86_64