Last updated on 2025-01-25 07:50:44 CET.
Flavor | Version | Tinstall | Tcheck | Ttotal | Status | Flags |
---|---|---|---|---|---|---|
r-devel-linux-x86_64-debian-clang | 2.32.10 | 32.10 | 419.25 | 451.35 | OK | |
r-devel-linux-x86_64-debian-gcc | 2.32.10 | 26.19 | 337.30 | 363.49 | OK | |
r-devel-linux-x86_64-fedora-clang | 2.32.10 | 772.17 | OK | |||
r-devel-linux-x86_64-fedora-gcc | 2.32.10 | 885.30 | OK | |||
r-devel-windows-x86_64 | 2.32.10 | 77.00 | 632.00 | 709.00 | OK | |
r-patched-linux-x86_64 | 2.32.10 | 32.47 | 451.04 | 483.51 | NOTE | |
r-release-linux-x86_64 | 2.32.10 | 32.25 | 472.57 | 504.82 | NOTE | |
r-release-macos-arm64 | 2.32.10 | 208.00 | NOTE | |||
r-release-macos-x86_64 | 2.32.10 | 584.00 | NOTE | |||
r-release-windows-x86_64 | 2.32.10 | 70.00 | 553.00 | 623.00 | NOTE | |
r-oldrel-macos-arm64 | 2.32.10 | 193.00 | NOTE | |||
r-oldrel-macos-x86_64 | 2.32.10 | 391.00 | NOTE | |||
r-oldrel-windows-x86_64 | 2.32.10 | 77.00 | 751.00 | 828.00 | NOTE |
Version: 2.32.10
Check: for GNU extensions in Makefiles
Result: NOTE
GNU make is a SystemRequirements.
Flavors: r-patched-linux-x86_64, r-release-linux-x86_64, r-release-macos-arm64, r-release-macos-x86_64, r-release-windows-x86_64, r-oldrel-macos-arm64, r-oldrel-macos-x86_64, r-oldrel-windows-x86_64
Version: 2.32.10
Check: installed package size
Result: NOTE
installed size is 17.0Mb
sub-directories of 1Mb or more:
include 11.7Mb
lib 3.3Mb
Flavors: r-release-macos-arm64, r-release-macos-x86_64, r-release-windows-x86_64, r-oldrel-macos-arm64, r-oldrel-macos-x86_64, r-oldrel-windows-x86_64