Last updated on 2025-01-25 07:50:37 CET.
Flavor | Version | Tinstall | Tcheck | Ttotal | Status | Flags |
---|---|---|---|---|---|---|
r-devel-linux-x86_64-debian-clang | 3.6.0 | 37.05 | 206.90 | 243.95 | NOTE | |
r-devel-linux-x86_64-debian-gcc | 3.6.0 | 23.89 | 137.16 | 161.05 | NOTE | |
r-devel-linux-x86_64-fedora-clang | 3.6.0 | 421.69 | OK | |||
r-devel-linux-x86_64-fedora-gcc | 3.6.0 | 408.15 | NOTE | |||
r-devel-windows-x86_64 | 3.6.0 | 35.00 | 229.00 | 264.00 | OK | |
r-patched-linux-x86_64 | 3.6.0 | 36.41 | 194.80 | 231.21 | OK | |
r-release-linux-x86_64 | 3.6.0 | 30.09 | 196.08 | 226.17 | OK | |
r-release-macos-arm64 | 3.6.0 | 106.00 | OK | |||
r-release-macos-x86_64 | 3.6.0 | 221.00 | OK | |||
r-release-windows-x86_64 | 3.6.0 | 33.00 | 288.00 | 321.00 | OK | |
r-oldrel-macos-arm64 | 3.6.0 | 111.00 | NOTE | |||
r-oldrel-macos-x86_64 | 3.6.0 | 206.00 | NOTE | |||
r-oldrel-windows-x86_64 | 3.6.0 | 46.00 | 299.00 | 345.00 | OK |
Version: 3.6.0
Check: DESCRIPTION meta-information
Result: NOTE
Missing dependency on R >= 4.1.0 because package code uses the pipe
|> or function shorthand \(...) syntax added in R 4.1.0.
File(s) using such syntax:
‘VDJ_build.R’
Flavors: r-devel-linux-x86_64-debian-clang, r-devel-linux-x86_64-debian-gcc, r-devel-linux-x86_64-fedora-gcc
Version: 3.6.0
Check: package dependencies
Result: NOTE
Package suggested but not available for checking: ‘slingshot’
Flavors: r-oldrel-macos-arm64, r-oldrel-macos-x86_64