Last updated on 2025-01-18 07:50:31 CET.
Flavor | Version | Tinstall | Tcheck | Ttotal | Status | Flags |
---|---|---|---|---|---|---|
r-devel-linux-x86_64-debian-clang | 1.2.2 | 19.47 | 92.76 | 112.23 | NOTE | |
r-devel-linux-x86_64-debian-gcc | 1.2.2 | 12.42 | 58.30 | 70.72 | NOTE | |
r-devel-linux-x86_64-fedora-clang | 1.2.2 | 188.79 | NOTE | |||
r-devel-linux-x86_64-fedora-gcc | 1.2.2 | 173.01 | NOTE | |||
r-devel-windows-x86_64 | 1.2.2 | 20.00 | 102.00 | 122.00 | NOTE | |
r-patched-linux-x86_64 | 1.2.2 | 19.25 | 89.40 | 108.65 | NOTE | |
r-release-linux-x86_64 | 1.2.2 | 19.61 | 87.13 | 106.74 | NOTE | |
r-release-macos-arm64 | 1.2.2 | 41.00 | NOTE | |||
r-release-macos-x86_64 | 1.2.2 | 106.00 | NOTE | |||
r-release-windows-x86_64 | 1.2.2 | 18.00 | 100.00 | 118.00 | NOTE | |
r-oldrel-macos-arm64 | 1.2.2 | 47.00 | NOTE | |||
r-oldrel-macos-x86_64 | 1.2.2 | 80.00 | NOTE | |||
r-oldrel-windows-x86_64 | 1.2.2 | 22.00 | 124.00 | 146.00 | NOTE |
Version: 1.2.2
Check: Rd files
Result: NOTE
checkRd: (-1) ccF.Rd:5: Escaped LaTeX specials: \&
checkRd: (-1) ccF.Rd:32: Escaped LaTeX specials: \&
checkRd: (-1) ccF.Rd:29: Escaped LaTeX specials: \&
checkRd: (-1) ccF.Rd:42: Lost braces
42 | CALI\'{N}SKI, T.; CORSTEN, L. C. A. Clustering
| ^
Flavors: r-devel-linux-x86_64-debian-clang, r-devel-linux-x86_64-debian-gcc, r-devel-linux-x86_64-fedora-clang, r-devel-linux-x86_64-fedora-gcc, r-devel-windows-x86_64, r-patched-linux-x86_64, r-release-linux-x86_64, r-release-macos-arm64, r-release-macos-x86_64, r-release-windows-x86_64
Version: 1.2.2
Check: Rd files
Result: NOTE
checkRd: (-1) ccF.Rd:5: Escaped LaTeX specials: \&
checkRd: (-1) ccF.Rd:32: Escaped LaTeX specials: \&
checkRd: (-1) ccF.Rd:29: Escaped LaTeX specials: \&
Flavors: r-oldrel-macos-arm64, r-oldrel-macos-x86_64, r-oldrel-windows-x86_64