Last updated on 2025-01-21 07:49:11 CET.
Flavor | Version | Tinstall | Tcheck | Ttotal | Status | Flags |
---|---|---|---|---|---|---|
r-devel-linux-x86_64-debian-clang | 2.5 | 192.74 | 71.19 | 263.93 | NOTE | |
r-devel-linux-x86_64-debian-gcc | 2.5 | 138.16 | 54.38 | 192.54 | NOTE | |
r-devel-linux-x86_64-fedora-clang | 2.5 | 527.98 | NOTE | |||
r-devel-linux-x86_64-fedora-gcc | 2.5 | 537.93 | NOTE | |||
r-devel-windows-x86_64 | 2.5 | 174.00 | 111.00 | 285.00 | NOTE | |
r-patched-linux-x86_64 | 2.5 | 196.03 | 71.33 | 267.36 | NOTE | |
r-release-linux-x86_64 | 2.5 | 202.92 | 71.69 | 274.61 | NOTE | |
r-release-macos-arm64 | 2.5 | 113.00 | NOTE | |||
r-release-macos-x86_64 | 2.5 | 104.00 | NOTE | |||
r-release-windows-x86_64 | 2.5 | 182.00 | 108.00 | 290.00 | NOTE | |
r-oldrel-macos-arm64 | 2.5 | 130.00 | NOTE | |||
r-oldrel-macos-x86_64 | 2.5 | 226.00 | NOTE | |||
r-oldrel-windows-x86_64 | 2.5 | 227.00 | 135.00 | 362.00 | NOTE |
Version: 2.5
Check: Rd files
Result: NOTE
checkRd: (-1) AM.Rd:95-98: Lost braces in \itemize; meant \describe ?
checkRd: (-1) AM.Rd:99-102: Lost braces in \itemize; meant \describe ?
checkRd: (-1) AM.Rd:103: Lost braces in \itemize; meant \describe ?
checkRd: (-1) AM.Rd:123-125: Lost braces in \itemize; meant \describe ?
checkRd: (-1) AM.Rd:126-133: Lost braces in \itemize; meant \describe ?
checkRd: (-1) AM.Rd:134-135: Lost braces in \itemize; meant \describe ?
checkRd: (-1) AM.Rd:136-137: Lost braces in \itemize; meant \describe ?
checkRd: (-1) AM.Rd:163-165: Lost braces in \itemize; meant \describe ?
checkRd: (-1) AM.Rd:166-173: Lost braces in \itemize; meant \describe ?
checkRd: (-1) AM.Rd:174-176: Lost braces in \itemize; meant \describe ?
checkRd: (-1) AM.Rd:177-178: Lost braces in \itemize; meant \describe ?
checkRd: (-1) AM.Rd:179-180: Lost braces in \itemize; meant \describe ?
Flavors: r-devel-linux-x86_64-debian-clang, r-devel-linux-x86_64-debian-gcc, r-devel-linux-x86_64-fedora-clang, r-devel-linux-x86_64-fedora-gcc, r-devel-windows-x86_64, r-patched-linux-x86_64, r-release-linux-x86_64, r-release-macos-arm64, r-release-macos-x86_64, r-release-windows-x86_64
Version: 2.5
Check: C++ specification
Result: NOTE
Specified C++11: please drop specification unless essential
Flavors: r-devel-windows-x86_64, r-release-windows-x86_64, r-oldrel-windows-x86_64
Version: 2.5
Check: installed package size
Result: NOTE
installed size is 12.7Mb
sub-directories of 1Mb or more:
libs 11.3Mb
shiny_app 1.1Mb
Flavors: r-release-macos-arm64, r-release-macos-x86_64, r-oldrel-macos-arm64, r-oldrel-macos-x86_64