Last updated on 2025-01-25 07:50:22 CET.
Flavor | Version | Tinstall | Tcheck | Ttotal | Status | Flags |
---|---|---|---|---|---|---|
r-devel-linux-x86_64-debian-clang | 3.3.1 | 5.46 | 400.27 | 405.73 | NOTE | |
r-devel-linux-x86_64-debian-gcc | 3.3.1 | 4.00 | 261.22 | 265.22 | NOTE | |
r-devel-linux-x86_64-fedora-clang | 3.3.1 | 637.68 | OK | |||
r-devel-linux-x86_64-fedora-gcc | 3.3.1 | 642.09 | NOTE | |||
r-devel-windows-x86_64 | 3.3.1 | 8.00 | 226.00 | 234.00 | OK | |
r-patched-linux-x86_64 | 3.3.1 | 6.57 | 372.22 | 378.79 | OK | |
r-release-linux-x86_64 | 3.3.1 | 5.70 | 368.52 | 374.22 | OK | |
r-release-macos-arm64 | 3.3.1 | 113.00 | OK | |||
r-release-macos-x86_64 | 3.3.1 | 167.00 | OK | |||
r-release-windows-x86_64 | 3.3.1 | 8.00 | 225.00 | 233.00 | OK | |
r-oldrel-macos-arm64 | 3.3.1 | 124.00 | OK | |||
r-oldrel-macos-x86_64 | 3.3.1 | 201.00 | OK | |||
r-oldrel-windows-x86_64 | 3.3.1 | 9.00 | 305.00 | 314.00 | OK |
Version: 3.3.1
Check: DESCRIPTION meta-information
Result: NOTE
Missing dependency on R >= 4.1.0 because package code uses the pipe
|> or function shorthand \(...) syntax added in R 4.1.0.
File(s) using such syntax:
‘CodelistFromCodelistWithDetails.R’ ‘codesFromConceptSet.R’
‘codesInUse.R’ ‘compareCodelists.R’ ‘drugCodes.R’ ‘getDoseUnit.R’
‘getICD10StandardCodes.R’ ‘getMappings.R’ ‘getRoutes.R’
‘helperFunctions.R’ ‘mockVocabRef.R’ ‘runSearch.R’
‘stratifyByConcept.R’ ‘stratifyByDoseUnit.R’ ‘stratifyByRoute.R’
‘subsetOnDomain.R’ ‘subsetOnDoseUnit.R’ ‘subsetOnRouteCategory.R’
‘summariseAchillesCodeUse.R’ ‘summariseCodeUse.R’
‘summariseOrphanCodes.R’ ‘summariseUnmappedCodes.R’
‘tableAchillesCodeUse.R’ ‘tableCodeUse.R’ ‘tableUnmappedCodes.R’
‘vocabUtilities.R’
Flavors: r-devel-linux-x86_64-debian-clang, r-devel-linux-x86_64-debian-gcc, r-devel-linux-x86_64-fedora-gcc