CRAN Package Check Results for Package BayesReversePLLH

Last updated on 2025-01-13 19:49:28 CET.

Flavor Version Tinstall Tcheck Ttotal Status Flags
r-devel-linux-x86_64-debian-clang 1.5 33.34 24.23 57.57 NOTE
r-devel-linux-x86_64-debian-gcc 1.5 19.41 19.72 39.13 NOTE
r-devel-linux-x86_64-fedora-clang 1.5 94.61 NOTE
r-devel-linux-x86_64-fedora-gcc 1.5 97.90 NOTE
r-devel-windows-x86_64 1.5 29.00 75.00 104.00 NOTE
r-patched-linux-x86_64 1.5 27.10 23.55 50.65 NOTE
r-release-linux-x86_64 1.5 30.62 23.37 53.99 NOTE
r-release-macos-arm64 1.5 29.00 NOTE
r-release-macos-x86_64 1.5 44.00 NOTE
r-release-windows-x86_64 1.5 28.00 73.00 101.00 NOTE
r-oldrel-macos-arm64 1.5 33.00 NOTE
r-oldrel-macos-x86_64 1.5 52.00 NOTE
r-oldrel-windows-x86_64 1.5 37.00 78.00 115.00 NOTE

Check Details

Version: 1.5
Check: C++ specification
Result: NOTE Specified C++11: please drop specification unless essential Flavors: r-devel-linux-x86_64-debian-clang, r-devel-linux-x86_64-debian-gcc, r-devel-linux-x86_64-fedora-clang, r-devel-linux-x86_64-fedora-gcc, r-devel-windows-x86_64, r-patched-linux-x86_64, r-release-linux-x86_64, r-release-macos-arm64, r-release-macos-x86_64, r-release-windows-x86_64, r-oldrel-macos-arm64, r-oldrel-macos-x86_64, r-oldrel-windows-x86_64