CRAN Package Check Results for Package xplorerr

Last updated on 2024-07-12 18:52:40 CEST.

Flavor Version Tinstall Tcheck Ttotal Status Flags
r-devel-linux-x86_64-debian-clang 0.1.2 32.94 31.62 64.56 NOTE
r-devel-linux-x86_64-debian-gcc 0.1.2 17.47 24.66 42.13 NOTE
r-devel-linux-x86_64-fedora-clang 0.1.2 89.54 NOTE
r-devel-linux-x86_64-fedora-gcc 0.1.2 81.56 NOTE
r-devel-windows-x86_64 0.1.2 27.00 65.00 92.00 OK
r-patched-linux-x86_64 0.1.2 21.94 29.94 51.88 NOTE
r-release-linux-x86_64 0.1.2 22.67 30.63 53.30 NOTE
r-release-macos-arm64 0.1.2 27.00 NOTE
r-release-macos-x86_64 0.1.2 38.00 NOTE
r-release-windows-x86_64 0.1.2 27.00 63.00 90.00 OK
r-oldrel-macos-arm64 0.1.2 27.00 OK
r-oldrel-macos-x86_64 0.1.2 39.00 OK
r-oldrel-windows-x86_64 0.1.2 32.00 72.00 104.00 OK

Check Details

Version: 0.1.2
Check: package dependencies
Result: NOTE Package suggested but not available for checking: ‘rbokeh’ Flavors: r-devel-linux-x86_64-debian-clang, r-devel-linux-x86_64-debian-gcc, r-devel-linux-x86_64-fedora-clang, r-devel-linux-x86_64-fedora-gcc, r-patched-linux-x86_64, r-release-linux-x86_64, r-release-macos-arm64, r-release-macos-x86_64