CRAN Package Check Results for Package xmlparsedata

Last updated on 2024-07-18 18:48:26 CEST.

Flavor Version Tinstall Tcheck Ttotal Status Flags
r-devel-linux-x86_64-debian-clang 1.0.5 1.53 22.92 24.45 NOTE
r-devel-linux-x86_64-debian-gcc 1.0.5 1.56 17.85 19.41 NOTE
r-devel-linux-x86_64-fedora-clang 1.0.5 32.27 NOTE
r-devel-linux-x86_64-fedora-gcc 1.0.5 30.04 NOTE
r-devel-windows-x86_64 1.0.5 2.00 39.00 41.00 NOTE
r-patched-linux-x86_64 1.0.5 1.88 22.84 24.72 NOTE
r-release-linux-x86_64 1.0.5 1.81 22.71 24.52 NOTE
r-release-macos-arm64 1.0.5 15.00 NOTE
r-release-macos-x86_64 1.0.5 26.00 NOTE
r-release-windows-x86_64 1.0.5 3.00 40.00 43.00 NOTE
r-oldrel-macos-arm64 1.0.5 20.00 NOTE
r-oldrel-macos-x86_64 1.0.5 19.00 NOTE
r-oldrel-windows-x86_64 1.0.5 3.00 40.00 43.00 NOTE

Check Details

Version: 1.0.5
Check: LazyData
Result: NOTE 'LazyData' is specified without a 'data' directory Flavors: r-devel-linux-x86_64-debian-clang, r-devel-linux-x86_64-debian-gcc, r-devel-linux-x86_64-fedora-clang, r-devel-linux-x86_64-fedora-gcc, r-devel-windows-x86_64, r-patched-linux-x86_64, r-release-linux-x86_64, r-release-macos-arm64, r-release-macos-x86_64, r-release-windows-x86_64, r-oldrel-macos-arm64, r-oldrel-macos-x86_64, r-oldrel-windows-x86_64