CRAN Package Check Results for Package wpp2015

Last updated on 2024-07-21 18:54:27 CEST.

Flavor Version Tinstall Tcheck Ttotal Status Flags
r-devel-linux-x86_64-debian-clang 1.1-2 3.67 45.66 49.33 OK
r-devel-linux-x86_64-debian-gcc 1.1-2 2.28 35.67 37.95 OK
r-devel-linux-x86_64-fedora-clang 1.1-2 60.21 NOTE
r-devel-linux-x86_64-fedora-gcc 1.1-2 58.55 OK
r-devel-windows-x86_64 1.1-2 6.00 69.00 75.00 NOTE
r-patched-linux-x86_64 1.1-2 3.86 44.04 47.90 OK
r-release-linux-x86_64 1.1-2 3.41 44.56 47.97 OK
r-release-macos-arm64 1.1-2 25.00 NOTE
r-release-macos-x86_64 1.1-2 35.00 NOTE
r-release-windows-x86_64 1.1-2 5.00 67.00 72.00 NOTE
r-oldrel-macos-arm64 1.1-2 28.00 NOTE
r-oldrel-macos-x86_64 1.1-2 37.00 NOTE
r-oldrel-windows-x86_64 1.1-2 6.00 68.00 74.00 NOTE

Check Details

Version: 1.1-2
Check: installed package size
Result: NOTE installed size is 11.4Mb sub-directories of 1Mb or more: data 11.2Mb Flavors: r-devel-linux-x86_64-fedora-clang, r-devel-windows-x86_64, r-release-macos-arm64, r-release-macos-x86_64, r-release-windows-x86_64, r-oldrel-macos-arm64, r-oldrel-macos-x86_64, r-oldrel-windows-x86_64