CRAN Package Check Results for Package wkutils

Last updated on 2024-07-13 06:49:56 CEST.

Flavor Version Tinstall Tcheck Ttotal Status Flags
r-devel-linux-x86_64-debian-clang 0.1.3 94.82 38.27 133.09 NOTE
r-devel-linux-x86_64-debian-gcc 0.1.3 71.20 29.06 100.26 NOTE
r-devel-linux-x86_64-fedora-clang 0.1.3 199.99 NOTE
r-devel-linux-x86_64-fedora-gcc 0.1.3 213.73 NOTE
r-devel-windows-x86_64 0.1.3 82.00 81.00 163.00 NOTE
r-patched-linux-x86_64 0.1.3 93.52 37.14 130.66 NOTE
r-release-linux-x86_64 0.1.3 85.53 37.20 122.73 NOTE
r-release-macos-arm64 0.1.3 42.00 NOTE
r-release-macos-x86_64 0.1.3 46.00 NOTE
r-release-windows-x86_64 0.1.3 80.00 80.00 160.00 NOTE
r-oldrel-macos-arm64 0.1.3 54.00 NOTE
r-oldrel-macos-x86_64 0.1.3 84.00 NOTE
r-oldrel-windows-x86_64 0.1.3 99.00 90.00 189.00 NOTE

Check Details

Version: 0.1.3
Check: C++ specification
Result: NOTE Specified C++11: please drop specification unless essential Flavors: r-devel-linux-x86_64-debian-clang, r-devel-linux-x86_64-debian-gcc, r-devel-linux-x86_64-fedora-clang, r-devel-linux-x86_64-fedora-gcc, r-devel-windows-x86_64, r-patched-linux-x86_64, r-release-linux-x86_64, r-release-macos-arm64, r-release-macos-x86_64, r-release-windows-x86_64, r-oldrel-macos-arm64, r-oldrel-macos-x86_64, r-oldrel-windows-x86_64

Version: 0.1.3
Check: Rd cross-references
Result: NOTE Found the following Rd file(s) with Rd \link{} targets missing package anchors: wkt_plot.Rd: wkt, wkb Please provide package anchors for all Rd \link{} targets not in the package itself and the base packages. Flavor: r-devel-windows-x86_64