CRAN Package Check Results for Package weed

Last updated on 2024-06-24 06:49:25 CEST.

Flavor Version Tinstall Tcheck Ttotal Status Flags
r-devel-linux-x86_64-debian-clang 1.1.2 2.55 31.86 34.41 OK
r-devel-linux-x86_64-debian-gcc 1.1.2 1.66 23.85 25.51 OK
r-devel-linux-x86_64-fedora-clang 1.1.2 42.62 NOTE
r-devel-linux-x86_64-fedora-gcc 1.1.2 39.82 NOTE
r-devel-windows-x86_64 1.1.2 3.00 48.00 51.00 OK
r-patched-linux-x86_64 1.1.2 2.39 31.50 33.89 OK
r-release-linux-x86_64 1.1.2 1.80 30.08 31.88 OK
r-release-macos-arm64 1.1.2 24.00 OK
r-release-macos-x86_64 1.1.2 31.00 OK
r-release-windows-x86_64 1.1.2 5.00 48.00 53.00 OK
r-oldrel-macos-arm64 1.1.2 28.00 OK
r-oldrel-macos-x86_64 1.1.2 39.00 OK
r-oldrel-windows-x86_64 1.1.2 4.00 53.00 57.00 OK

Check Details

Version: 1.1.2
Check: dependencies in R code
Result: NOTE Namespaces in Imports field not imported from: ‘here’ ‘tibble’ All declared Imports should be used. Flavors: r-devel-linux-x86_64-fedora-clang, r-devel-linux-x86_64-fedora-gcc