CRAN Package Check Results for Package vita

Last updated on 2024-07-13 18:55:48 CEST.

Flavor Version Tinstall Tcheck Ttotal Status Flags
r-devel-linux-x86_64-debian-clang 1.0.0 37.38 46.07 83.45 NOTE
r-devel-linux-x86_64-debian-gcc 1.0.0 23.69 34.88 58.57 NOTE
r-devel-linux-x86_64-fedora-clang 1.0.0 113.99 NOTE
r-devel-linux-x86_64-fedora-gcc 1.0.0 110.51 NOTE
r-devel-windows-x86_64 1.0.0 26.00 77.00 103.00 NOTE
r-patched-linux-x86_64 1.0.0 31.02 41.70 72.72 NOTE
r-release-linux-x86_64 1.0.0 27.11 42.24 69.35 NOTE
r-release-macos-arm64 1.0.0 30.00 NOTE
r-release-macos-x86_64 1.0.0 50.00 NOTE
r-release-windows-x86_64 1.0.0 28.00 78.00 106.00 NOTE
r-oldrel-macos-arm64 1.0.0 34.00 NOTE
r-oldrel-macos-x86_64 1.0.0 52.00 NOTE
r-oldrel-windows-x86_64 1.0.0 31.00 86.00 117.00 NOTE

Check Details

Version: 1.0.0
Check: LazyData
Result: NOTE 'LazyData' is specified without a 'data' directory Flavors: r-devel-linux-x86_64-debian-clang, r-devel-linux-x86_64-debian-gcc, r-devel-linux-x86_64-fedora-clang, r-devel-linux-x86_64-fedora-gcc, r-devel-windows-x86_64, r-patched-linux-x86_64, r-release-linux-x86_64, r-release-macos-arm64, r-release-macos-x86_64, r-release-windows-x86_64, r-oldrel-macos-arm64, r-oldrel-macos-x86_64, r-oldrel-windows-x86_64

Version: 1.0.0
Check: compiled code
Result: NOTE File ‘vita/libs/vita.so’: Found no calls to: ‘R_registerRoutines’, ‘R_useDynamicSymbols’ It is good practice to register native routines and to disable symbol search. See ‘Writing portable packages’ in the ‘Writing R Extensions’ manual. Flavors: r-devel-linux-x86_64-fedora-clang, r-devel-linux-x86_64-fedora-gcc