CRAN Package Check Results for Package viscomp

Last updated on 2024-07-20 06:49:35 CEST.

Flavor Version Tinstall Tcheck Ttotal Status Flags
r-devel-linux-x86_64-debian-clang 1.0.0 19.31 223.36 242.67 NOTE
r-devel-linux-x86_64-debian-gcc 1.0.0 15.12 163.86 178.98 NOTE
r-devel-linux-x86_64-fedora-clang 1.0.0 309.60 NOTE
r-devel-linux-x86_64-fedora-gcc 1.0.0 295.31 NOTE
r-devel-windows-x86_64 1.0.0 20.00 175.00 195.00 NOTE
r-patched-linux-x86_64 1.0.0 17.86 213.47 231.33 NOTE
r-release-linux-x86_64 1.0.0 15.46 210.06 225.52 NOTE
r-release-macos-arm64 1.0.0 85.00 NOTE
r-release-macos-x86_64 1.0.0 148.00 NOTE
r-release-windows-x86_64 1.0.0 17.00 173.00 190.00 NOTE
r-oldrel-macos-arm64 1.0.0 85.00 OK
r-oldrel-macos-x86_64 1.0.0 137.00 OK
r-oldrel-windows-x86_64 1.0.0 24.00 211.00 235.00 OK

Check Details

Version: 1.0.0
Check: Rd files
Result: NOTE checkRd: (-1) compdesc.Rd:24: Lost braces in \itemize; \value handles \item{}{} directly checkRd: (-1) compdesc.Rd:25: Lost braces in \itemize; \value handles \item{}{} directly checkRd: (-1) compdesc.Rd:26: Lost braces in \itemize; \value handles \item{}{} directly checkRd: (-1) compdesc.Rd:27: Lost braces in \itemize; \value handles \item{}{} directly checkRd: (-1) compdesc.Rd:28: Lost braces in \itemize; \value handles \item{}{} directly checkRd: (-1) compdesc.Rd:29: Lost braces in \itemize; \value handles \item{}{} directly checkRd: (-1) compdesc.Rd:30: Lost braces in \itemize; \value handles \item{}{} directly checkRd: (-1) compdesc.Rd:31: Lost braces in \itemize; \value handles \item{}{} directly checkRd: (-1) compdesc.Rd:32: Lost braces in \itemize; \value handles \item{}{} directly Flavors: r-devel-linux-x86_64-debian-clang, r-devel-linux-x86_64-debian-gcc, r-devel-linux-x86_64-fedora-clang, r-devel-linux-x86_64-fedora-gcc, r-devel-windows-x86_64, r-patched-linux-x86_64, r-release-linux-x86_64, r-release-macos-arm64, r-release-macos-x86_64, r-release-windows-x86_64