CRAN Package Check Results for Package vegtable

Last updated on 2024-07-12 18:52:40 CEST.

Flavor Version Tinstall Tcheck Ttotal Status Flags
r-devel-linux-x86_64-debian-clang 0.1.8 15.07 154.73 169.80 OK
r-devel-linux-x86_64-debian-gcc 0.1.8 12.99 115.52 128.51 OK
r-devel-linux-x86_64-fedora-clang 0.1.8 213.04 NOTE
r-devel-linux-x86_64-fedora-gcc 0.1.8 201.12 NOTE
r-devel-windows-x86_64 0.1.8 15.00 140.00 155.00 NOTE
r-patched-linux-x86_64 0.1.8 17.53 144.18 161.71 OK
r-release-linux-x86_64 0.1.8 10.22 142.34 152.56 OK
r-release-macos-arm64 0.1.8 55.00 OK
r-release-macos-x86_64 0.1.8 80.00 OK
r-release-windows-x86_64 0.1.8 14.00 136.00 150.00 OK
r-oldrel-macos-arm64 0.1.8 61.00 OK
r-oldrel-macos-x86_64 0.1.8 106.00 OK
r-oldrel-windows-x86_64 0.1.8 19.00 173.00 192.00 OK

Check Details

Version: 0.1.8
Check: data for non-ASCII characters
Result: NOTE Note: found 128 marked UTF-8 strings Flavors: r-devel-linux-x86_64-fedora-clang, r-devel-linux-x86_64-fedora-gcc

Version: 0.1.8
Check: Rd cross-references
Result: NOTE Found the following Rd file(s) with Rd \link{} targets missing package anchors: count_taxa.Rd: taxlist-class make_cocktail.Rd: taxlist-class subset.Rd: taxlist-class summary.Rd: taxlist-class tv2vegtable.Rd: taxlist-class, read.dbf used_synonyms.Rd: get_children, get_parents, taxlist-class, accepted_name vegtable-class.Rd: taxlist-class Please provide package anchors for all Rd \link{} targets not in the package itself and the base packages. Flavor: r-devel-windows-x86_64