CRAN Package Check Results for Package vcd

Last updated on 2024-07-14 18:54:52 CEST.

Flavor Version Tinstall Tcheck Ttotal Status Flags
r-devel-linux-x86_64-debian-clang 1.4-12 13.04 221.04 234.08 OK
r-devel-linux-x86_64-debian-gcc 1.4-12 9.95 158.74 168.69 OK
r-devel-linux-x86_64-fedora-clang 1.4-12 283.23 OK
r-devel-linux-x86_64-fedora-gcc 1.4-12 280.71 OK
r-devel-windows-x86_64 1.4-12 12.00 152054.00 152066.00 ERROR
r-patched-linux-x86_64 1.4-12 16.53 207.16 223.69 OK
r-release-linux-x86_64 1.4-12 10.47 205.26 215.73 OK
r-release-macos-arm64 1.4-12 78.00 OK
r-release-macos-x86_64 1.4-12 143.00 OK
r-release-windows-x86_64 1.4-12 12.00 219.00 231.00 OK
r-oldrel-macos-arm64 1.4-12 78.00 OK
r-oldrel-macos-x86_64 1.4-12 298.00 OK
r-oldrel-windows-x86_64 1.4-12 16.00 246.00 262.00 OK

Check Details

Version: 1.4-12
Check: Rd cross-references
Result: NOTE Found the following Rd file(s) with Rd \link{} targets missing package anchors: plot.loglm.Rd: loglm Please provide package anchors for all Rd \link{} targets not in the package itself and the base packages. Flavor: r-devel-windows-x86_64

Version: 1.4-12
Check: re-building of vignette outputs
Result: ERROR Error(s) in re-building vignettes: --- re-building 'residual-shadings.Rnw' using Sweave --- finished re-building 'residual-shadings.Rnw' --- re-building 'strucplot.Rnw' using Sweave Warning in system(paste(shQuote(texi2dvi), if (quiet) "--quiet" else "", : running command '"C:\PROGRA~1\MiKTeX\miktex\bin\x64\texify.exe" --quiet --pdf "strucplot.tex" --max-iterations=20 -I "D:/RCompile/recent/R/share/texmf/tex/latex" -I "D:/RCompile/recent/R/share/texmf/bibtex/bst"' had status 1 Error: processing vignette 'strucplot.Rnw' failed with diagnostics: Failed to locate 'texi2pdf' output file 'strucplot.pdf' for vignette with name 'strucplot' and engine 'utils::Sweave'. The following files exist in working directory 'D:\RCompile\CRANpkg\local\4.5\vcd.Rcheck\vign_test\vcd\vignettes': 'Rplots.pdf' (69632 bytes), 'residual-shadings-Arthritis-classic1.pdf' (4509 bytes), 'residual-shadings-Punishment-assoc1.pdf' (5909 bytes), 'residual-shadings-Punishment-mosaic1.pdf' (5581 bytes), 'residual-shadings-alzheimer-plot1.pdf' (4744 bytes), 'residual-shadings-shadings.pdf' (6160 bytes), 'residual-shadings.Rnw' (15969 bytes), 'residual-shadings.aux' (4452 bytes), 'residual-shadings.bbl' (3178 bytes), 'residual-shadings.blg' (1183 bytes), 'residual-shadings.log' (21987 bytes), 'residual-shadings.out' (824 bytes), 'residual-shadings.pdf' (386574 bytes), 'residual-shadings.tex' (18361 bytes), 'struc.pdf' (3216 bytes), 'struc.sxi' (9104 bytes), 'strucplot-Arthritis.pdf' (4636 bytes), 'strucplot-Conditioningfig.pdf' (4636 bytes), 'strucplot-Expectedfig.pdf' (4592 bytes), 'strucplot-Observedfig.pdf' (4649 bytes), 'strucplot-PreSex.pdf' (4837 bytes), 'strucplot-Residualsfig.pdf' (4988 bytes), 'strucplot-Titanic.pdf' (5750 bytes), 'strucplot-UCBAdmissions.pdf' (5216 bytes), 'strucplot-Variablesfig.pdf' (4661 bytes), 'strucplot-arthritisfig.pdf' (4621 bytes), 'strucplot-artspinefig.pdf' (4282 bytes), 'strucplot-bundesligafig.pdf' (7172 bytes), 'strucplot-changeplotfig.pdf' (4587 bytes), 'strucplot-cotabplotfig.pdf' (4761 bytes), 'strucplot-haireyefig1.pdf' (4757 bytes), 'strucplot-haireyefig2.pdf' (4778 bytes), 'strucplot-haireyefig3.pdf' (4781 bytes), 'strucplot-interpolatefig.pdf' (7137 bytes), 'strucplot-label1fig.pdf' (8525 bytes), 'strucplot-label2fig.pdf' (8077 bytes), 'strucplot-label3fig.pdf' (6425 bytes), 'strucplot-listfig.pdf' (5118 bytes), 'strucplot-ocdoubledecker.pdf' (4816 bytes), 'strucplot-ocmosaicnull.pdf' (4944 bytes), 'strucplot-ocmosaicstage.pdf' (4775 bytes), 'strucplot-ocpairs.pdf' (5324 bytes), 'strucplot-pairsfig.pdf' (5136 bytes), 'strucplot-recyclingfig.pdf' (5080 bytes), 'strucplot-shading1fig.pdf' (4226 bytes), 'strucplot-sievefig.pdf' (6814 bytes), 'strucplot-spacingfig.pdf' (4627 bytes), 'strucplot-splitfig.pdf' (4646 bytes), 'strucplot-ucbfig.pdf' (4192 bytes), 'strucplot-vcdlayout.pdf' (4212 bytes), 'strucplot-viewportnamesfig.pdf' (4506 bytes), 'strucplot.Rnw' (103427 bytes), 'strucplot.tex' (102401 bytes), 'vcd.bib' (25496 bytes) --- failed re-building 'strucplot.Rnw' SUMMARY: processing the following file failed: 'strucplot.Rnw' Error: Vignette re-building failed. Execution halted Flavor: r-devel-windows-x86_64