CRAN Package Check Results for Package varband

Last updated on 2024-07-21 18:54:26 CEST.

Flavor Version Tinstall Tcheck Ttotal Status Flags
r-devel-linux-x86_64-debian-clang 0.9.0 28.02 63.09 91.11 NOTE
r-devel-linux-x86_64-debian-gcc 0.9.0 20.13 50.44 70.57 NOTE
r-devel-linux-x86_64-fedora-clang 0.9.0 142.39 NOTE
r-devel-linux-x86_64-fedora-gcc 0.9.0 153.90 NOTE
r-devel-windows-x86_64 0.9.0 26.00 89.00 115.00 NOTE
r-patched-linux-x86_64 0.9.0 30.99 62.25 93.24 NOTE
r-release-linux-x86_64 0.9.0 30.15 64.18 94.33 NOTE
r-release-macos-arm64 0.9.0 43.00 NOTE
r-release-macos-x86_64 0.9.0 59.00 NOTE
r-release-windows-x86_64 0.9.0 32.00 86.00 118.00 NOTE
r-oldrel-macos-arm64 0.9.0 47.00 NOTE
r-oldrel-macos-x86_64 0.9.0 75.00 NOTE
r-oldrel-windows-x86_64 0.9.0 37.00 103.00 140.00 NOTE

Check Details

Version: 0.9.0
Check: Rd files
Result: NOTE checkRd: (-1) sample_gen.Rd:18: Lost braces; missing escapes or markup? 18 | Generate \code{n} random samples from multivariate Gaussian distribution N(0, (L^TL)^{-1}) | ^ Flavors: r-devel-linux-x86_64-debian-clang, r-devel-linux-x86_64-debian-gcc, r-devel-linux-x86_64-fedora-clang, r-devel-linux-x86_64-fedora-gcc, r-devel-windows-x86_64, r-patched-linux-x86_64, r-release-linux-x86_64, r-release-macos-arm64, r-release-macos-x86_64, r-release-windows-x86_64

Version: 0.9.0
Check: LazyData
Result: NOTE 'LazyData' is specified without a 'data' directory Flavors: r-devel-linux-x86_64-debian-clang, r-devel-linux-x86_64-debian-gcc, r-devel-linux-x86_64-fedora-clang, r-devel-linux-x86_64-fedora-gcc, r-devel-windows-x86_64, r-patched-linux-x86_64, r-release-linux-x86_64, r-release-macos-arm64, r-release-macos-x86_64, r-release-windows-x86_64, r-oldrel-macos-arm64, r-oldrel-macos-x86_64, r-oldrel-windows-x86_64

Version: 0.9.0
Check: compiled code
Result: NOTE File ‘varband/libs/varband.so’: Found no calls to: ‘R_registerRoutines’, ‘R_useDynamicSymbols’ It is good practice to register native routines and to disable symbol search. See ‘Writing portable packages’ in the ‘Writing R Extensions’ manual. Flavors: r-devel-linux-x86_64-fedora-clang, r-devel-linux-x86_64-fedora-gcc