CRAN Package Check Results for Package uxr

Last updated on 2025-01-25 19:49:02 CET.

Flavor Version Tinstall Tcheck Ttotal Status Flags
r-devel-linux-x86_64-debian-clang 0.2.0 5.71 54.91 60.62 NOTE
r-devel-linux-x86_64-debian-gcc 0.2.0 4.58 39.59 44.17 NOTE
r-devel-linux-x86_64-fedora-clang 0.2.0 100.16 OK
r-devel-linux-x86_64-fedora-gcc 0.2.0 110.22 NOTE
r-devel-windows-x86_64 0.2.0 8.00 80.00 88.00 OK
r-patched-linux-x86_64 0.2.0 6.37 50.33 56.70 OK
r-release-linux-x86_64 0.2.0 5.60 50.21 55.81 OK
r-release-macos-arm64 0.2.0 34.00 OK
r-release-macos-x86_64 0.2.0 54.00 OK
r-release-windows-x86_64 0.2.0 9.00 78.00 87.00 OK
r-oldrel-macos-arm64 0.2.0 33.00 OK
r-oldrel-macos-x86_64 0.2.0 54.00 OK
r-oldrel-windows-x86_64 0.2.0 8.00 88.00 96.00 OK

Check Details

Version: 0.2.0
Check: DESCRIPTION meta-information
Result: NOTE Missing dependency on R >= 4.1.0 because package code uses the pipe |> or function shorthand \(...) syntax added in R 4.1.0. File(s) using such syntax: ‘benchmark_event.R’ ‘benchmark_score.R’ ‘benchmark_time.R’ ‘compare_means_between_groups.R’ ‘compare_means_within_groups.R’ ‘compare_rates_between_groups.R’ ‘compare_rates_within_groups.R’ ‘get_concordant_discordant_pairs.R’ ‘get_confidence_intervals_within_groups.R’ ‘table_observed_expected.R’ ‘test_chisq_one.R’ ‘test_mcnemar.R’ ‘test_n_1_prop.R’ ‘test_t.R’ ‘test_t_paired.R’ Flavors: r-devel-linux-x86_64-debian-clang, r-devel-linux-x86_64-debian-gcc, r-devel-linux-x86_64-fedora-gcc