CRAN Package Check Results for Package usmapdata

Last updated on 2025-06-22 12:50:00 CEST.

Flavor Version Tinstall Tcheck Ttotal Status Flags
r-devel-linux-x86_64-debian-clang 0.6.0 3.17 30.14 33.31 OK
r-devel-linux-x86_64-debian-gcc 0.6.0 2.23 24.17 26.40 OK
r-devel-linux-x86_64-fedora-clang 0.6.0 49.76 OK
r-devel-linux-x86_64-fedora-gcc 0.6.0 49.97 OK
r-devel-windows-x86_64 0.6.0 6.00 48.00 54.00 OK
r-patched-linux-x86_64 0.6.0 3.17 27.90 31.07 OK
r-release-linux-x86_64 0.6.0 2.99 28.34 31.33 OK
r-release-macos-arm64 0.6.0 22.00 OK
r-release-macos-x86_64 0.6.0 39.00 OK
r-release-windows-x86_64 0.6.0 5.00 48.00 53.00 OK
r-oldrel-macos-arm64 0.6.0 24.00 NOTE
r-oldrel-macos-x86_64 0.6.0 40.00 NOTE
r-oldrel-windows-x86_64 0.6.0 5.00 57.00 62.00 NOTE

Check Details

Version: 0.6.0
Check: installed package size
Result: NOTE installed size is 9.8Mb sub-directories of 1Mb or more: extdata 9.7Mb Flavors: r-oldrel-macos-arm64, r-oldrel-macos-x86_64, r-oldrel-windows-x86_64