CRAN Package Check Results for Package usmapdata

Last updated on 2024-06-18 17:49:22 CEST.

Flavor Version Tinstall Tcheck Ttotal Status Flags
r-devel-linux-x86_64-debian-clang 0.3.0 3.52 35.30 38.82 OK
r-devel-linux-x86_64-debian-gcc 0.3.0 2.33 27.11 29.44 OK
r-devel-linux-x86_64-fedora-clang 0.3.0 50.18 NOTE
r-devel-linux-x86_64-fedora-gcc 0.3.0 45.29 OK
r-devel-windows-x86_64 0.3.0 4.00 48.00 52.00 OK
r-patched-linux-x86_64 0.3.0 3.49 35.35 38.84 OK
r-release-linux-x86_64 0.3.0 3.57 35.03 38.60 OK
r-release-macos-arm64 0.3.0 20.00 OK
r-release-macos-x86_64 0.3.0 31.00 OK
r-release-windows-x86_64 0.3.0 4.00 53.00 57.00 OK
r-oldrel-macos-arm64 0.3.0 24.00 OK
r-oldrel-macos-x86_64 0.3.0 42.00 OK
r-oldrel-windows-x86_64 0.3.0 5.00 52.00 57.00 OK

Check Details

Version: 0.3.0
Check: Rd cross-references
Result: NOTE Undeclared package ‘usmap’ in Rd xrefs Flavor: r-devel-linux-x86_64-fedora-clang