CRAN Package Check Results for Package usfertilizer

Last updated on 2024-07-25 06:52:31 CEST.

Flavor Version Tinstall Tcheck Ttotal Status Flags
r-devel-linux-x86_64-debian-clang 0.1.5 2.06 58.79 60.85 OK
r-devel-linux-x86_64-debian-gcc 0.1.5 1.65 43.14 44.79 OK
r-devel-linux-x86_64-fedora-clang 0.1.5 73.69 NOTE
r-devel-linux-x86_64-fedora-gcc 0.1.5 82.19 NOTE
r-devel-windows-x86_64 0.1.5 5.00 63.00 68.00 OK
r-patched-linux-x86_64 0.1.5 1.84 53.26 55.10 OK
r-release-linux-x86_64 0.1.5 1.52 52.90 54.42 OK
r-release-macos-arm64 0.1.5 39.00 OK
r-release-macos-x86_64 0.1.5 52.00 OK
r-release-windows-x86_64 0.1.5 4.00 62.00 66.00 OK
r-oldrel-macos-arm64 0.1.5 36.00 OK
r-oldrel-macos-x86_64 0.1.5 56.00 OK
r-oldrel-windows-x86_64 0.1.5 5.00 67.00 72.00 OK

Check Details

Version: 0.1.5
Check: dependencies in R code
Result: NOTE Namespace in Imports field not imported from: ‘tidyverse’ All declared Imports should be used. Flavors: r-devel-linux-x86_64-fedora-clang, r-devel-linux-x86_64-fedora-gcc