CRAN Package Check Results for Package univariateML

Last updated on 2024-07-12 18:52:39 CEST.

Flavor Version Tinstall Tcheck Ttotal Status Flags
r-devel-linux-x86_64-debian-clang 1.1.1 5.48 126.25 131.73 NOTE
r-devel-linux-x86_64-debian-gcc 1.1.1 4.43 84.91 89.34 NOTE
r-devel-linux-x86_64-fedora-clang 1.1.1 164.55 NOTE
r-devel-linux-x86_64-fedora-gcc 1.1.1 167.32 NOTE
r-devel-windows-x86_64 1.1.1 7.00 128.00 135.00 NOTE
r-patched-linux-x86_64 1.1.1 9.17 119.43 128.60 NOTE
r-release-linux-x86_64 1.1.1 5.06 121.57 126.63 NOTE
r-release-macos-arm64 1.1.1 53.00 NOTE
r-release-macos-x86_64 1.1.1 82.00 NOTE
r-release-windows-x86_64 1.1.1 7.00 127.00 134.00 NOTE
r-oldrel-macos-arm64 1.1.1 56.00 OK
r-oldrel-macos-x86_64 1.1.1 95.00 OK
r-oldrel-windows-x86_64 1.1.1 8.00 145.00 153.00 OK

Check Details

Version: 1.1.1
Check: Rd files
Result: NOTE checkRd: (-1) mllogitnorm.Rd:45: Lost braces 45 | link[dlogitnorm]{dlogitnorm}for the normal density. | ^ Flavors: r-devel-linux-x86_64-debian-clang, r-devel-linux-x86_64-debian-gcc, r-devel-linux-x86_64-fedora-clang, r-devel-linux-x86_64-fedora-gcc, r-devel-windows-x86_64, r-patched-linux-x86_64, r-release-linux-x86_64, r-release-macos-arm64, r-release-macos-x86_64, r-release-windows-x86_64

Version: 1.1.1
Check: dependencies in R code
Result: NOTE Namespaces in Imports field not imported from: ‘extraDistr’ ‘logitnorm’ ‘nakagami’ ‘tibble’ All declared Imports should be used. Flavors: r-devel-linux-x86_64-fedora-clang, r-devel-linux-x86_64-fedora-gcc

Version: 1.1.1
Check: Rd cross-references
Result: NOTE Found the following Rd file(s) with Rd \link{} targets missing package anchors: mlpower.Rd: Pareto Please provide package anchors for all Rd \link{} targets not in the package itself and the base packages. Flavor: r-devel-windows-x86_64