CRAN Package Check Results for Package understandBPMN

Last updated on 2024-07-24 06:57:31 CEST.

Flavor Version Tinstall Tcheck Ttotal Status Flags
r-devel-linux-x86_64-debian-clang 1.1.1 36.94 119.53 156.47 NOTE
r-devel-linux-x86_64-debian-gcc 1.1.1 28.90 85.29 114.19 NOTE
r-devel-linux-x86_64-fedora-clang 1.1.1 224.29 NOTE
r-devel-linux-x86_64-fedora-gcc 1.1.1 193.98 NOTE
r-devel-windows-x86_64 1.1.1 35.00 117.00 152.00 NOTE
r-patched-linux-x86_64 1.1.1 28.11 111.66 139.77 NOTE
r-release-linux-x86_64 1.1.1 24.08 109.97 134.05 NOTE
r-release-macos-arm64 1.1.1 53.00 NOTE
r-release-macos-x86_64 1.1.1 92.00 NOTE
r-release-windows-x86_64 1.1.1 38.00 119.00 157.00 NOTE
r-oldrel-macos-arm64 1.1.1 57.00 NOTE
r-oldrel-macos-x86_64 1.1.1 103.00 NOTE
r-oldrel-windows-x86_64 1.1.1 41.00 149.00 190.00 NOTE

Check Details

Version: 1.1.1
Check: package subdirectories
Result: NOTE Problems with news in ‘NEWS.md’: No news entries found. Flavors: r-devel-linux-x86_64-debian-clang, r-devel-linux-x86_64-debian-gcc, r-devel-linux-x86_64-fedora-clang, r-devel-linux-x86_64-fedora-gcc, r-devel-windows-x86_64, r-patched-linux-x86_64, r-release-linux-x86_64, r-release-macos-arm64, r-release-macos-x86_64, r-release-windows-x86_64, r-oldrel-macos-arm64, r-oldrel-macos-x86_64, r-oldrel-windows-x86_64

Version: 1.1.1
Check: LazyData
Result: NOTE 'LazyData' is specified without a 'data' directory Flavors: r-devel-linux-x86_64-debian-clang, r-devel-linux-x86_64-debian-gcc, r-devel-linux-x86_64-fedora-clang, r-devel-linux-x86_64-fedora-gcc, r-devel-windows-x86_64, r-patched-linux-x86_64, r-release-linux-x86_64, r-release-macos-arm64, r-release-macos-x86_64, r-release-windows-x86_64, r-oldrel-macos-arm64, r-oldrel-macos-x86_64, r-oldrel-windows-x86_64