CRAN Package Check Results for Package ufs

Last updated on 2024-06-12 17:57:37 CEST.

Flavor Version Tinstall Tcheck Ttotal Status Flags
r-devel-linux-x86_64-debian-clang 0.5.12 17.78 139.09 156.87 OK
r-devel-linux-x86_64-debian-gcc 0.5.12 0.68 1.68 2.36 ERROR
r-devel-linux-x86_64-fedora-clang 0.5.12 189.91 OK
r-devel-linux-x86_64-fedora-gcc 0.5.12 181.18 OK
r-devel-windows-x86_64 0.5.12 15.00 133.00 148.00 OK
r-patched-linux-x86_64 0.5.12 25.22 126.85 152.07 OK
r-release-linux-x86_64 0.5.12 14.69 127.17 141.86 OK
r-release-macos-arm64 0.5.12 56.00 OK
r-release-macos-x86_64 0.5.12 93.00 OK
r-release-windows-x86_64 0.5.12 18.00 139.00 157.00 OK
r-oldrel-macos-arm64 0.5.12 60.00 OK
r-oldrel-macos-x86_64 0.5.12 123.00 OK
r-oldrel-windows-x86_64 0.5.12 22.00 172.00 194.00 OK

Check Details

Version: 0.5.12
Check: package dependencies
Result: ERROR Packages required but not available: 'dplyr', 'ggplot2', 'ggrepel', 'ggridges', 'kableExtra' Packages suggested but not available for checking: 'car', 'GGally', 'MBESS', 'rio', 'viridis' See section ‘The DESCRIPTION file’ in the ‘Writing R Extensions’ manual. Flavor: r-devel-linux-x86_64-debian-gcc