CRAN Package Check Results for Package ufRisk

Last updated on 2024-06-13 17:49:31 CEST.

Flavor Version Tinstall Tcheck Ttotal Status Flags
r-devel-linux-x86_64-debian-clang 1.0.7 3.01 41.38 44.39 OK
r-devel-linux-x86_64-debian-gcc 1.0.7 0.26 1.72 1.98 ERROR
r-devel-linux-x86_64-fedora-clang 1.0.7 55.44 OK
r-devel-linux-x86_64-fedora-gcc 1.0.7 52.91 OK
r-devel-windows-x86_64 1.0.7 5.00 57.00 62.00 OK
r-patched-linux-x86_64 1.0.7 2.52 39.69 42.21 OK
r-release-linux-x86_64 1.0.7 2.30 39.04 41.34 OK
r-release-macos-arm64 1.0.7 23.00 OK
r-release-macos-x86_64 1.0.7 37.00 OK
r-release-windows-x86_64 1.0.7 4.00 62.00 66.00 OK
r-oldrel-macos-arm64 1.0.7 25.00 OK
r-oldrel-macos-x86_64 1.0.7 44.00 OK
r-oldrel-windows-x86_64 1.0.7 5.00 63.00 68.00 OK

Check Details

Version: 1.0.7
Check: package dependencies
Result: ERROR Packages required but not available: 'esemifar', 'rugarch', 'smoots' See section ‘The DESCRIPTION file’ in the ‘Writing R Extensions’ manual. Flavor: r-devel-linux-x86_64-debian-gcc